-- https://www.phpmyadmin.net/
--
-- Erstellungszeit: 13. Mai 2020 um 11:27
-- Server-Version: 8.0.20-0ubuntu0.19.10.1
-- PHP-Version: 7.3.14-1+ubuntu19.04.1+deb.sury.org+1

START TRANSACTION;



--
-- Datenbank: `usr_mo_stable`
--

-- --------------------------------------------------------

--
-- Tabellenstruktur für Tabelle `configuration`
--

CREATE TABLE `configuration` (
  `configuration_id` int NOT NULL,
  `configuration_key` varchar(64) NOT NULL DEFAULT '',
  `configuration_value` text NOT NULL,
  `configuration_group_id` int NOT NULL DEFAULT '0',
  `sort_order` int DEFAULT NULL,
  `last_modified` timestamp NOT NULL DEFAULT CURRENT_TIMESTAMP ON UPDATE CURRENT_TIMESTAMP,
  `date_added` datetime NOT NULL DEFAULT '1000-01-01 00:00:00',
  `use_function` varchar(255) DEFAULT NULL,
  `set_function` text
) ENGINE=InnoDB DEFAULT CHARSET=utf8;

--
-- Daten für Tabelle `configuration`
--

INSERT INTO `configuration` (`configuration_id`, `configuration_key`, `configuration_value`, `configuration_group_id`, `sort_order`, `date_added`, `use_function`, `set_function`) VALUES
(1, 'ACCOUNT_B2B_STATUS', 'false', 5, 7, '2020-05-06 13:33:20', NULL, 'gm_cfg_select_option(array(\'true\', \'false\'),'),
(2, 'ACCOUNT_COMPANY', 'true', 5, 3, '2020-05-06 13:33:20', NULL, 'gm_cfg_select_option(array(\'true\', \'false\'),'),
(3, 'ACCOUNT_COMPANY_VAT_CHECK', 'true', 18, 4, '2020-05-06 13:33:20', NULL, 'gm_cfg_select_option(array(\'true\', \'false\'),'),
(4, 'ACCOUNT_COMPANY_VAT_GROUP', 'false', 18, 4, '2020-05-06 13:33:20', NULL, 'gm_cfg_select_option(array(\'true\', \'false\'),'),
(5, 'ACCOUNT_COMPANY_VAT_LIVE_CHECK', 'true', 18, 4, '2020-05-06 13:33:20', NULL, 'gm_cfg_select_option(array(\'true\', \'false\'),'),
(6, 'ACCOUNT_DEFAULT_B2B_STATUS', 'false', 5, 8, '2020-05-06 13:33:20', NULL, 'gm_cfg_select_option(array(\'true\', \'false\'),'),
(7, 'ACCOUNT_DOB', 'false', 5, 2, '2020-05-06 13:33:20', NULL, 'gm_cfg_select_option(array(\'true\', \'false\'),'),
(8, 'ACCOUNT_FAX', 'true', 5, 1, '2020-05-06 13:33:20', NULL, 'gm_cfg_select_option(array(\'true\', \'false\'),'),
(9, 'ACCOUNT_GENDER', 'true', 5, 1, '2020-05-06 13:33:20', NULL, 'gm_cfg_select_option(array(\'true\', \'false\'),'),
(10, 'ACCOUNT_OPTIONS', 'both', 5, 6, '2020-05-06 13:33:20', NULL, 'gm_cfg_select_option(array(\'account\', \'guest\', \'both\'),'),
(11, 'ACCOUNT_TYPE_DEFAULT', 'account', 5, 6, '2020-05-06 13:33:20', NULL, 'gm_cfg_select_option(array(\'account\', \'guest\'),'),
(12, 'ACCOUNT_STATE', 'false', 5, 5, '2020-05-06 13:33:20', NULL, 'gm_cfg_select_option(array(\'true\', \'false\'),'),
(13, 'ACCOUNT_ADDITIONAL_INFO', 'false', 5, 5, '2020-05-06 13:33:20', NULL, 'gm_cfg_select_option(array(\'true\', \'false\'),'),
(14, 'ACCOUNT_SPLIT_STREET_INFORMATION', 'false', 5, 5, '2020-05-06 13:33:20', NULL, 'gm_cfg_select_option(array(\'true\', \'false\'),'),
(15, 'ACCOUNT_SUBURB', 'false', 5, 4, '2020-05-06 13:33:20', NULL, 'gm_cfg_select_option(array(\'true\', \'false\'),'),
(16, 'ACCOUNT_TELEPHONE', 'true', 5, 1, '2020-05-06 13:33:20', NULL, 'gm_cfg_select_option(array(\'true\', \'false\'),'),
(17, 'ACCOUNT_VAT_BLOCK_ERROR', 'true', 18, 4, '2020-05-06 13:33:20', NULL, 'gm_cfg_select_option(array(\'true\', \'false\'),'),
(18, 'ACCOUNT_NAMES_OPTIONAL', 'false', 5, 9, '2020-05-06 13:33:20', NULL, 'gm_cfg_select_option(array(\'true\', \'false\'),'),
(19, 'ACTIVATE_GIFT_SYSTEM', 'false', 17, 2, '2020-05-06 13:33:20', NULL, 'gm_cfg_select_option(array(\'true\', \'false\'),'),
(20, 'ACTIVATE_NAVIGATOR', 'false', 17, 10, '2020-05-06 13:33:20', NULL, 'gm_cfg_select_option(array(\'true\', \'false\'),'),
(21, 'ACTIVATE_PAGE_TOKEN', 'true', 17, 13, '2020-05-06 13:33:20', NULL, 'gm_cfg_select_option(array(\'true\', \'false\'),'),
(22, 'ACTIVATE_REVERSE_CROSS_SELLING', 'true', 17, 12, '2020-05-06 13:33:20', NULL, 'gm_cfg_select_option(array(\'true\', \'false\'),'),
(23, 'ACTIVATE_SHIPPING_STATUS', 'true', 0, 6, '2020-05-06 13:33:20', NULL, 'gm_cfg_select_option(array(\'true\', \'false\'),'),
(24, 'ADVANCED_SEARCH_DEFAULT_OPERATOR', 'and', 1, 30, '2020-05-06 13:33:20', NULL, 'gm_cfg_select_option(array(\'and\', \'or\'),'),
(25, 'AFTERBUY_ACTIVATED', 'false', 21, 6, '2020-05-06 13:33:20', NULL, 'gm_cfg_select_option(array(\'true\', \'false\'),'),
(26, 'AFTERBUY_ORDERSTATUS', '1', 21, 5, '2020-05-06 13:33:20', 'xtc_get_order_status_name', 'xtc_cfg_pull_down_order_statuses('),
(27, 'AFTERBUY_PARTNERID', '', 21, 2, '2020-05-06 13:33:20', NULL, NULL),
(28, 'AFTERBUY_PARTNERPASS', '', 21, 3, '2020-05-06 13:33:20', NULL, NULL),
(29, 'AFTERBUY_USERID', '', 21, 4, '2020-05-06 13:33:20', NULL, NULL),
(30, 'ALLOW_ADD_TO_CART', 'false', 1, 39, '2020-05-06 13:33:20', NULL, 'gm_cfg_select_option(array(\'true\', \'false\'),'),
(31, 'APPEND_PROPERTIES_MODEL', 'true', 1, 45, '2020-05-06 13:33:20', NULL, 'gm_cfg_select_option(array(\'true\', \'false\'),'),
(32, 'ATTRIBUTE_STOCK_CHECK', 'false', 9, 2, '2020-05-06 13:33:20', NULL, 'gm_cfg_select_option(array(\'true\', \'false\'),'),
(33, 'CACHE_CHECK', 'false', 11, 4, '2020-05-06 13:33:20', NULL, 'gm_cfg_select_option(array(\'true\', \'false\'),'),
(34, 'CACHE_LIFETIME', '3600', 11, 3, '2020-05-06 13:33:20', NULL, NULL),
(35, 'CALCULATE_TAX_BASED_ON_VAT_ID', 'true', 18, 8, '2020-05-06 13:33:20', NULL, 'gm_cfg_select_option(array(\'true\', \'false\'),'),
(36, 'CC_KEYCHAIN', 'tobechanged', 1, 44, '2020-05-06 13:33:20', NULL, ''),
(37, 'CC_NUMBER_MIN_LENGTH', '10', 2, 13, '2020-05-06 13:33:20', NULL, 'cfg_number_required_input('),
(38, 'CC_OWNER_MIN_LENGTH', '3', 2, 12, '2020-05-06 13:33:20', NULL, 'cfg_number_required_input('),
(39, 'CHECK_CLIENT_AGENT', 'true', 15, 8, '2020-05-06 13:33:20', NULL, 'gm_cfg_select_option(array(\'true\', \'false\'),'),
(40, 'COMPANY_NAME', 'Gambio GmbH', 1, 3, '2020-05-06 13:33:20', '', ''),
(41, 'COMPRESS_EXPORT', 'false', 20, 3, '2020-05-06 13:33:20', NULL, 'gm_cfg_select_option(array(\'true\', \'false\'),'),
(42, 'CONFIG_CALCULATE_IMAGE_SIZE', 'true', 4, 1, '2020-05-06 13:33:20', NULL, 'gm_cfg_select_option(array(\'true\', \'false\'),'),
(43, 'CONTACT_US_EMAIL_ADDRESS', 'm.bunjes@gambio.de', 12, 20, '2020-05-06 13:33:20', NULL, NULL),
(44, 'CONTACT_US_FORWARDING_STRING', '', 12, 25, '2020-05-06 13:33:20', NULL, NULL),
(45, 'CONTACT_US_NAME', 'Gambio GmbH', 12, 21, '2020-05-06 13:33:20', NULL, NULL),
(46, 'CONTACT_US_REPLY_ADDRESS', 'admin@shop.de', 12, 22, '2020-05-06 13:33:20', NULL, NULL),
(47, 'CONTACT_US_REPLY_ADDRESS_NAME', 'Gambio GmbH', 12, 23, '2020-05-06 13:33:20', NULL, NULL),
(48, 'CSV_SEPERATOR', '|', 20, 2, '2020-05-06 13:33:20', NULL, NULL),
(49, 'CSV_TEXTSIGN', '', 20, 1, '2020-05-06 13:33:20', NULL, NULL),
(50, 'CURRENT_TEMPLATE', '', 1, 41, '2020-05-06 13:33:20', NULL, 'xtc_cfg_pull_down_template_sets('),
(51, 'DATE_TIMEZONE', 'Europe/Berlin', 1, 47, '2020-05-06 13:33:20', '', 'cfg_pull_down_timezones('),
(52, 'DB_CACHE', 'false', 11, 5, '2020-05-06 13:33:20', NULL, 'gm_cfg_select_option(array(\'true\', \'false\'),'),
(53, 'DB_CACHE_EXPIRE', '3600', 11, 6, '2020-05-06 13:33:20', NULL, NULL),
(54, 'DEFAULT_CURRENCY', 'EUR', 6, 0, '2020-05-06 13:33:20', NULL, NULL),
(55, 'DEFAULT_CUSTOMERS_STATUS_ID', '2', 1, 38, '2020-05-06 13:33:20', 'xtc_get_customers_status_name', 'xtc_cfg_pull_down_default_customers_status_list('),
(56, 'DEFAULT_CUSTOMERS_STATUS_ID_ADMIN', '0', 1, 35, '2020-05-06 13:33:20', 'xtc_get_customers_status_name', 'xtc_cfg_pull_down_customers_status_list('),
(57, 'DEFAULT_CUSTOMERS_STATUS_ID_GUEST', '1', 1, 36, '2020-05-06 13:33:20', 'xtc_get_customers_status_name', 'xtc_cfg_pull_down_customers_status_list('),
(58, 'DEFAULT_CUSTOMERS_VAT_STATUS_ID', '3', 18, 23, '2020-05-06 13:33:20', 'xtc_get_customers_status_name', 'xtc_cfg_pull_down_default_customers_status_list('),
(59, 'DEFAULT_CUSTOMERS_VAT_STATUS_ID_LOCAL', '3', 18, 24, '2020-05-06 13:33:20', 'xtc_get_customers_status_name', 'xtc_cfg_pull_down_default_customers_status_list('),
(60, 'DEFAULT_LANGUAGE', 'de', 6, 0, '2020-05-06 13:33:20', NULL, NULL),
(61, 'DEFAULT_ORDERS_STATUS_ID', '1', 6, 0, '2020-05-06 13:33:20', NULL, NULL),
(62, 'DEFAULT_PRODUCTS_VPE_ID', '', 6, 0, '2020-05-06 13:33:20', NULL, NULL),
(63, 'DEFAULT_SHIPPING_STATUS_ID', '1', 6, 0, '2020-05-06 13:33:20', NULL, NULL),
(64, 'DELETE_GUEST_ACCOUNT', 'true', 5, 7, '2020-05-06 13:33:20', NULL, 'gm_cfg_select_option(array(\'true\', \'false\'),'),
(65, 'DIR_FS_CACHE', 'cache', 11, 2, '2020-05-06 13:33:20', NULL, NULL),
(66, 'DISPLAY_CART', 'true', 1, 28, '2020-05-06 13:33:20', NULL, 'gm_cfg_select_option(array(\'true\', \'false\'),'),
(67, 'DISPLAY_PAGE_PARSE_TIME', 'false', 10, 4, '2020-05-06 13:33:20', NULL, 'gm_cfg_select_option(array(\'true\', \'false\'),'),
(68, 'DOWNLOAD_BY_REDIRECT', 'false', 13, 2, '2020-05-06 13:33:20', NULL, 'gm_cfg_select_option(array(\'true\', \'false\'),'),
(69, 'DOWNLOAD_ENABLED', 'true', 13, 1, '2020-05-06 13:33:20', NULL, 'gm_cfg_select_option(array(\'true\', \'false\'),'),
(70, 'DOWNLOAD_MIN_ORDERS_STATUS', '3', 13, 5, '2020-05-06 13:33:20', NULL, 'cfg_download_order_status_checkboxes('),
(71, 'DOWNLOAD_STOCK_CHECK', 'false', 9, 3, '2020-05-06 13:33:20', NULL, 'gm_cfg_select_option(array(\'true\', \'false\'),'),
(72, 'DOWNLOAD_UNALLOWED_PAYMENT', 'banktransfer,cod,invoice,moneyorder', 13, 5, '2020-05-06 13:33:20', NULL, NULL),
(73, 'EMAIL_BILLING_ADDRESS', 'm.bunjes@gambio.de', 12, 32, '2020-05-06 13:33:20', NULL, NULL),
(74, 'EMAIL_BILLING_FORWARDING_STRING', '', 12, 37, '2020-05-06 13:33:20', NULL, NULL),
(75, 'EMAIL_BILLING_NAME', 'Gambio GmbH', 12, 33, '2020-05-06 13:33:20', NULL, NULL),
(76, 'EMAIL_BILLING_REPLY_ADDRESS', 'admin@shop.de', 12, 34, '2020-05-06 13:33:20', NULL, NULL),
(77, 'EMAIL_BILLING_REPLY_ADDRESS_NAME', 'Gambio GmbH', 12, 35, '2020-05-06 13:33:20', NULL, NULL),
(78, 'EMAIL_BILLING_SUBJECT', 'Verrechnung', 12, 36, '2020-05-06 13:33:20', NULL, NULL),
(79, 'EMAIL_BILLING_SUBJECT_ORDER', 'Ihre Bestellung {$nr}, am {$date}', 12, 38, '2020-05-06 13:33:20', NULL, NULL),
(80, 'EMAIL_FROM', 'm.bunjes@gambio.de', 1, 15, '2020-05-06 13:33:20', NULL, 'cfg_email_required_input('),
(81, 'EMAIL_LINEFEED', 'LF', 12, 10, '2020-05-06 13:33:20', NULL, 'gm_cfg_select_option(array(\'LF\', \'CRLF\'),'),
(82, 'EMAIL_SIGNATURE', '', 12, 16, '2020-05-06 13:33:20', NULL, 'xtc_cfg_textarea('),
(83, 'EMAIL_SUPPORT_ADDRESS', 'm.bunjes@gambio.de', 12, 26, '2020-05-06 13:33:20', NULL, NULL),
(84, 'EMAIL_SUPPORT_FORWARDING_STRING', '', 12, 31, '2020-05-06 13:33:20', NULL, NULL),
(85, 'EMAIL_SUPPORT_NAME', 'Gambio GmbH', 12, 27, '2020-05-06 13:33:20', NULL, NULL),
(86, 'EMAIL_SUPPORT_REPLY_ADDRESS', 'admin@shop.de', 12, 28, '2020-05-06 13:33:20', NULL, NULL),
(87, 'EMAIL_SUPPORT_REPLY_ADDRESS_NAME', 'Gambio GmbH', 12, 29, '2020-05-06 13:33:20', NULL, NULL),
(88, 'EMAIL_SUPPORT_SUBJECT', 'Informationen zu Ihrem Kundenkonto', 12, 30, '2020-05-06 13:33:20', NULL, NULL),
(89, 'EMAIL_TRANSPORT', 'mail', 12, 1, '2020-05-06 13:33:20', NULL, 'gm_cfg_select_option(array(\'sendmail\', \'smtp\', \'mail\'),'),
(90, 'EMAIL_USE_HTML', 'true', 12, 11, '2020-05-06 13:33:20', NULL, 'gm_cfg_select_option(array(\'true\', \'false\'),'),
(91, 'ENTRY_CITY_MIN_LENGTH', '2', 2, 8, '2020-05-06 13:33:20', NULL, 'cfg_number_required_input('),
(92, 'ENTRY_COMPANY_MIN_LENGTH', '2', 2, 6, '2020-05-06 13:33:20', NULL, 'cfg_number_required_input('),
(93, 'ENTRY_DOB_MIN_LENGTH', '10', 2, 3, '2020-05-06 13:33:20', NULL, 'cfg_number_required_input('),
(94, 'ENTRY_EMAIL_ADDRESS_CHECK', 'false', 12, 12, '2020-05-06 13:33:20', NULL, 'gm_cfg_select_option(array(\'true\', \'false\'),'),
(95, 'ENTRY_EMAIL_ADDRESS_MIN_LENGTH', '6', 2, 4, '2020-05-06 13:33:20', NULL, 'cfg_number_required_input('),
(96, 'ENTRY_FIRST_NAME_MIN_LENGTH', '2', 2, 1, '2020-05-06 13:33:20', NULL, 'cfg_number_required_input('),
(97, 'ENTRY_LAST_NAME_MIN_LENGTH', '2', 2, 2, '2020-05-06 13:33:20', NULL, 'cfg_number_required_input('),
(98, 'ENTRY_PASSWORD_MIN_LENGTH', '5', 2, 11, '2020-05-06 13:33:20', NULL, 'cfg_number_required_input('),
(99, 'ENTRY_POSTCODE_MIN_LENGTH', '4', 2, 7, '2020-05-06 13:33:20', NULL, 'cfg_number_required_input('),
(100, 'ENTRY_STATE_MIN_LENGTH', '2', 2, 9, '2020-05-06 13:33:20', NULL, 'cfg_number_required_input('),
(101, 'ENTRY_STREET_ADDRESS_MIN_LENGTH', '5', 2, 5, '2020-05-06 13:33:20', NULL, 'cfg_number_required_input('),
(102, 'ENTRY_HOUSENUMBER_MIN_LENGTH', '1', 2, 5, '2020-05-06 13:33:20', NULL, 'cfg_number_required_input('),
(103, 'ENTRY_TELEPHONE_MIN_LENGTH', '0', 2, 10, '2020-05-06 13:33:20', NULL, 'cfg_number_required_input('),
(104, 'ERROR_REPORT_EMAIL', '', 10, 8, '2020-05-06 13:33:20', NULL, ''),
(105, 'ERROR_REPORT_HIDE_E_ALL', 'False', 10, 20, '2020-05-06 13:33:20', NULL, 'gm_cfg_select_option(array(\'True\', \'False\'), '),
(106, 'ERROR_REPORT_HIDE_E_COMPILE_ERROR', 'False', 10, 15, '2020-05-06 13:33:20', NULL, 'gm_cfg_select_option(array(\'True\', \'False\'), '),
(107, 'ERROR_REPORT_HIDE_E_COMPILE_WARNING', 'False', 10, 16, '2020-05-06 13:33:20', NULL, 'gm_cfg_select_option(array(\'True\', \'False\'), '),
(108, 'ERROR_REPORT_HIDE_E_CORE_ERROR', 'True', 10, 13, '2020-05-06 13:33:20', NULL, 'gm_cfg_select_option(array(\'True\', \'False\'), '),
(109, 'ERROR_REPORT_HIDE_E_CORE_WARNING', 'True', 10, 14, '2020-05-06 13:33:20', NULL, 'gm_cfg_select_option(array(\'True\', \'False\'), '),
(110, 'ERROR_REPORT_HIDE_E_DEPRECATED', 'True', 10, 23, '2020-05-06 13:33:20', NULL, 'gm_cfg_select_option(array(\'True\', \'False\'), '),
(111, 'ERROR_REPORT_HIDE_E_ERROR', 'False', 10, 9, '2020-05-06 13:33:20', NULL, 'gm_cfg_select_option(array(\'True\', \'False\'), '),
(112, 'ERROR_REPORT_HIDE_E_NOTICE', 'True', 10, 12, '2020-05-06 13:33:20', NULL, 'gm_cfg_select_option(array(\'True\', \'False\'), '),
(113, 'ERROR_REPORT_HIDE_E_PARSE', 'False', 10, 11, '2020-05-06 13:33:20', NULL, 'gm_cfg_select_option(array(\'True\', \'False\'), '),
(114, 'ERROR_REPORT_HIDE_E_RECOVERABLE_ERROR', 'False', 10, 22, '2020-05-06 13:33:20', NULL, 'gm_cfg_select_option(array(\'True\', \'False\'), '),
(115, 'ERROR_REPORT_HIDE_E_STRICT', 'True', 10, 21, '2020-05-06 13:33:20', NULL, 'gm_cfg_select_option(array(\'True\', \'False\'), '),
(116, 'ERROR_REPORT_HIDE_E_USER_ERROR', 'False', 10, 17, '2020-05-06 13:33:20', NULL, 'gm_cfg_select_option(array(\'True\', \'False\'), '),
(117, 'ERROR_REPORT_HIDE_E_USER_NOTICE', 'False', 10, 19, '2020-05-06 13:33:20', NULL, 'gm_cfg_select_option(array(\'True\', \'False\'), '),
(118, 'ERROR_REPORT_HIDE_E_USER_WARNING', 'False', 10, 18, '2020-05-06 13:33:20', NULL, 'gm_cfg_select_option(array(\'True\', \'False\'), '),
(119, 'ERROR_REPORT_HIDE_E_WARNING', 'False', 10, 10, '2020-05-06 13:33:20', NULL, 'gm_cfg_select_option(array(\'True\', \'False\'), '),
(120, 'EXPECTED_PRODUCTS_FIELD', 'date_expected', 1, 24, '2020-05-06 13:33:20', NULL, 'gm_cfg_select_option(array(\'products_name\', \'date_expected\'),'),
(121, 'EXPECTED_PRODUCTS_SORT', 'asc', 1, 23, '2020-05-06 13:33:20', NULL, 'gm_cfg_select_option(array(\'asc\', \'desc\'),'),
(122, 'GAMBIO_SHOP_KEY', '', 753, 1, '2020-05-06 13:33:20', NULL, NULL),
(123, 'GENDER_MANDATORY', 'false', 5, 9, '2020-05-06 13:33:20', NULL, 'gm_cfg_select_option(array(\'true\', \'false\'),'),
(124, 'GM_SET_OUT_OF_STOCK_ATTRIBUTES', 'false', 9, NULL, '2020-05-06 13:33:20', NULL, 'gm_cfg_select_option(array(\'true\', \'false\'),'),
(125, 'GM_SET_OUT_OF_STOCK_ATTRIBUTES_SHOW', 'false', 9, NULL, '2020-05-06 13:33:20', NULL, 'gm_cfg_select_option(array(\'true\', \'false\'),'),
(126, 'GM_SET_OUT_OF_STOCK_PRODUCTS', 'false', 9, NULL, '2020-05-06 13:33:20', NULL, 'gm_cfg_select_option(array(\'true\', \'false\'),'),
(127, 'GOOGLE_CONVERSION', 'false', 19, 0, '2020-05-06 13:33:20', NULL, 'gm_cfg_select_option(array(\'true\', \'false\'),'),
(128, 'GOOGLE_CONVERSION_ID', '', 19, 2, '2020-05-06 13:33:20', NULL, NULL),
(129, 'GOOGLE_CONVERSION_LABEL', 'Purchase', 19, 4, '2020-05-06 13:33:20', NULL, NULL),
(130, 'GOOGLE_LANG', 'de', 19, 3, '2020-05-06 13:33:20', NULL, NULL),
(131, 'GROUP_CHECK', 'false', 17, 9, '2020-05-06 13:33:20', NULL, 'gm_cfg_select_option(array(\'true\', \'false\'),'),
(132, 'GZIP_COMPRESSION', 'true', 14, 1, '2020-05-06 13:33:20', NULL, 'gm_cfg_select_option(array(\'true\', \'false\'),'),
(133, 'GZIP_LEVEL', '9', 14, 2, '2020-05-06 13:33:20', NULL, NULL),
(134, 'HTML_COMPRESSION', 'false', 14, 5, '2020-05-06 13:33:20', NULL, 'gm_cfg_select_option(array(\'true\', \'false\'),'),
(135, 'CSS_INLINE_OUTPUT', 'false', 14, 6, '2020-05-06 13:33:20', NULL, 'gm_cfg_select_option(array(\'true\', \'false\'),'),
(136, 'HTTP_CACHING', 'true', 11, 7, '2020-05-06 13:33:20', NULL, 'gm_cfg_select_option(array(\'true\', \'false\'),'),
(137, 'IMAGE_MANIPULATOR', 'image_manipulator_GD2.php', 4, 3, '2020-05-06 13:33:20', NULL, 'xtc_cfg_select_option(array(\'image_manipulator_GD2.php\', \'image_manipulator_GD1.php\'),'),
(138, 'IMAGE_QUALITY', '75', 4, 2, '2020-05-06 13:33:20', NULL, 'cfg_number_required_min_max_input(0,100,'),
(139, 'LOGGING_ENABLED', 'true', 10, 0, '2020-05-06 13:33:20', NULL, 'gm_cfg_select_option(array(\'true\', \'false\'), '),
(140, 'LOG_SQL_BACKEND', 'false', 10, 6, '2020-05-06 13:33:20', NULL, 'gm_cfg_select_option(array(\'true\', \'false\'),'),
(141, 'LOG_SQL_FRONTEND', 'false', 10, 5, '2020-05-06 13:33:20', NULL, 'gm_cfg_select_option(array(\'true\', \'false\'),'),
(142, 'MAX_ADDRESS_BOOK_ENTRIES', '5', 3, 1, '2020-05-06 13:33:20', NULL, 'cfg_number_required_input('),
(143, 'MAX_DISPLAY_ALSO_PURCHASED', '4', 3, 16, '2020-05-06 13:33:20', NULL, 'cfg_number_required_input('),
(144, 'MAX_DISPLAY_ALSO_PURCHASED_DAYS', '100', 3, 17, '2020-05-06 13:33:20', NULL, 'cfg_number_required_input('),
(145, 'MAX_DISPLAY_BESTSELLERS', '5', 3, 15, '2020-05-06 13:33:20', NULL, 'cfg_number_required_input('),
(146, 'MAX_DISPLAY_CATEGORIES_PER_ROW', '2', 3, 13, '2020-05-06 13:33:20', NULL, 'cfg_number_required_input('),
(147, 'MAX_DISPLAY_MANUFACTURERS_IN_A_LIST', '1', 3, 7, '2020-05-06 13:33:20', NULL, 'cfg_number_required_input('),
(148, 'MAX_DISPLAY_MANUFACTURER_NAME_LEN', '15', 3, 8, '2020-05-06 13:33:20', NULL, 'cfg_number_required_input('),
(149, 'MAX_DISPLAY_NEW_PRODUCTS_DAYS', '30', 3, 22, '2020-05-06 13:33:20', NULL, 'cfg_number_required_input('),
(150, 'MAX_DISPLAY_NEW_REVIEWS', '6', 3, 9, '2020-05-06 13:33:20', NULL, 'cfg_number_required_input('),
(151, 'MAX_DISPLAY_ORDER_HISTORY', '5', 3, 19, '2020-05-06 13:33:20', NULL, 'cfg_number_required_input('),
(152, 'MAX_DISPLAY_PAGE_LINKS', '4', 3, 3, '2020-05-06 13:33:20', NULL, 'cfg_number_required_input('),
(153, 'MAX_DISPLAY_PRODUCTS_IN_ORDER_HISTORY_BOX', '6', 3, 18, '2020-05-06 13:33:20', NULL, 'cfg_number_required_input('),
(154, 'MAX_DISPLAY_PRODUCTS_NEW', '10', 3, 14, '2020-05-06 13:33:20', NULL, 'cfg_number_required_input('),
(155, 'MAX_DISPLAY_SEARCH_RESULTS', '8', 3, 2, '2020-05-06 13:33:20', NULL, 'cfg_number_required_input('),
(156, 'MAX_DISPLAY_SPECIAL_PRODUCTS', '8', 3, 4, '2020-05-06 13:33:20', NULL, 'cfg_number_required_min_max_input(1, 1000000,'),
(157, 'MAX_DISPLAY_UPCOMING_PRODUCTS', '5', 3, 6, '2020-05-06 13:33:20', NULL, 'cfg_number_required_input('),
(158, 'MAX_MANUFACTURERS_LIST', '1', 3, 7, '2020-05-06 13:33:20', NULL, 'cfg_number_required_input('),
(159, 'MAX_PRODUCTS_QTY', '1000000', 3, 21, '2020-05-06 13:33:20', NULL, 'cfg_number_required_input('),
(160, 'MAX_RANDOM_SELECT_NEW', '30', 3, 11, '2020-05-06 13:33:20', NULL, 'cfg_number_required_input('),
(161, 'MAX_RANDOM_SELECT_REVIEWS', '10', 3, 10, '2020-05-06 13:33:20', NULL, 'cfg_number_required_input('),
(162, 'MAX_RANDOM_SELECT_SPECIALS', '10', 3, 12, '2020-05-06 13:33:20', NULL, 'cfg_number_required_input('),
(163, 'MIN_DISPLAY_ALSO_PURCHASED', '1', 2, 16, '2020-05-06 13:33:20', NULL, 'cfg_number_required_input('),
(164, 'MIN_DISPLAY_BESTSELLERS', '1', 2, 15, '2020-05-06 13:33:20', NULL, 'cfg_number_required_input('),
(165, 'MODULE_BRICKFOX_EXCLUDE_CATEGORIES', '', 26, 5, '2020-05-06 13:33:20', NULL, NULL),
(166, 'MODULE_BRICKFOX_EXCLUDE_PRODUCTS', '', 26, 6, '2020-05-06 13:33:20', NULL, NULL),
(167, 'MODULE_BRICKFOX_PASSWORD', '', 26, 4, '2020-05-06 13:33:20', NULL, NULL),
(168, 'MODULE_BRICKFOX_PORT', '443', 26, 2, '2020-05-06 13:33:20', NULL, NULL),
(169, 'MODULE_BRICKFOX_STATUS', 'False', 26, 7, '2020-05-06 13:33:20', NULL, 'gm_cfg_select_option(array(\'True\', \'False\'), '),
(170, 'MODULE_BRICKFOX_URL', '', 26, 1, '2020-05-06 13:33:20', NULL, NULL),
(171, 'MODULE_BRICKFOX_USERNAME', '', 26, 3, '2020-05-06 13:33:20', NULL, NULL),
(172, 'MODULE_DELISPRINT_FILE', 'delisprint.txt', 6, 1, '2020-05-06 13:33:20', NULL, ''),
(173, 'MODULE_DELISPRINT_STATUS', 'True', 6, 1, '2020-05-06 13:33:20', NULL, 'gm_cfg_select_option(array(\'True\', \'False\'), '),
(174, 'MODULE_EXPORT_INSTALLED', 'magnalister.php', 6, 0, '2020-05-06 13:33:20', NULL, NULL),
(175, 'MODULE_GLS_FILE', 'gls.txt', 6, 1, '2020-05-06 13:33:20', NULL, ''),
(176, 'MODULE_GLS_STATUS', 'True', 6, 1, '2020-05-06 13:33:20', NULL, 'gm_cfg_select_option(array(\'True\', \'False\'), '),
(177, 'MODULE_HERMES_FILE', 'hermes.txt', 6, 1, '2020-05-06 13:33:20', NULL, ''),
(178, 'MODULE_HERMES_STATUS', 'True', 6, 1, '2020-05-06 13:33:20', NULL, 'gm_cfg_select_option(array(\'True\', \'False\'), '),
(179, 'MODULE_ORDER_TOTAL_COD_FEE_RULES', 'free|AT:3.00,DE:3.58,00:9.99|flat|AT:3.00,DE:3.58,00:9.99|item|AT:3.00,DE:3.58,00:9.99|table|AT:3.00,DE:3.58,00:9.99|zones|CA:4.50,US:3.00,00:9.99|upse|AT:3.00,DE:3.58,00:9.99|chronopost|FR:4.00,00:9.99|dhl|AT:3.00,DE:3.58,00:9.99|ups|AT:3.00,DE:3.58,00:9.99|chp|CH:4.00,00:9.99|dpd|DE:4.00,00:9.99|ap|AT:3.63,00:9.99|zonese|DE:4.00,00:9.99|selfpickup|DE:4.00,00:9.99|gambioultra|DE:4.00,00:9.99|fedexeu|DE:4.00,00:9.99|dp|DE:4.00,00:9.99', 6, 0, '2020-05-06 13:33:20', '', 'cfg_cod_fee_form('),
(180, 'MODULE_ORDER_TOTAL_COD_FEE_SORT_ORDER', '35', 6, 0, '2020-05-06 13:33:20', NULL, NULL),
(181, 'MODULE_ORDER_TOTAL_COD_FEE_STATUS', 'true', 6, 0, '2020-05-06 13:33:20', NULL, 'gm_cfg_select_option(array(\'true\', \'false\'), '),
(182, 'MODULE_ORDER_TOTAL_COD_FEE_TAX_CLASS', '0', 6, 0, '2020-05-06 13:33:20', 'xtc_get_tax_class_title', 'xtc_cfg_pull_down_tax_classes('),
(183, 'MODULE_ORDER_TOTAL_COD_FEE_TRANSFER_CHARGE', 'ap|00:0|chp|00:0|chronopost|00:0|dhl|00:0|dp|00:0|dpd|00:0|fedexeu|00:0|flat|00:0|free|00:0|freeamount|00:0|gambioultra|00:0|item|00:0|selfpickup|00:0|table|00:0|ups|00:0|upse|00:0|zones|00:0|zonese|00:0', 6, 0, '2020-05-06 13:33:20', '', 'cfg_cod_fee_transfer_charge_form('),
(184, 'MODULE_ORDER_TOTAL_COUPON_CALC_TAX', 'Standard', 6, 7, '2020-05-06 13:33:20', NULL, 'xtc_cfg_select_option(array(\'None\', \'Standard\', \'Credit Note\'), '),
(185, 'MODULE_ORDER_TOTAL_COUPON_INC_SHIPPING', 'false', 6, 5, '2020-05-06 13:33:20', NULL, 'gm_cfg_select_option(array(\'true\', \'false\'), '),
(186, 'MODULE_ORDER_TOTAL_COUPON_INC_TAX', 'true', 6, 6, '2020-05-06 13:33:20', NULL, 'gm_cfg_select_option(array(\'true\', \'false\'), '),
(187, 'MODULE_ORDER_TOTAL_COUPON_SHOW_INFO', 'false', 6, 9, '2020-05-06 13:33:20', NULL, 'gm_cfg_select_option(array(\'true\', \'false\'), '),
(188, 'MODULE_ORDER_TOTAL_COUPON_SORT_ORDER', '70', 6, 2, '2020-05-06 13:33:20', NULL, NULL),
(189, 'MODULE_ORDER_TOTAL_COUPON_STATUS', 'true', 6, 1, '2020-05-06 13:33:20', NULL, 'gm_cfg_select_option(array(\'true\', \'false\'), '),
(190, 'MODULE_ORDER_TOTAL_COUPON_TAX_CLASS', '0', 6, 0, '2020-05-06 13:33:20', 'xtc_get_tax_class_title', 'xtc_cfg_pull_down_tax_classes('),
(191, 'MODULE_ORDER_TOTAL_DISCOUNT_SORT_ORDER', '20', 6, 2, '2020-05-06 13:33:20', NULL, NULL),
(192, 'MODULE_ORDER_TOTAL_DISCOUNT_STATUS', 'true', 6, 1, '2020-05-06 13:33:20', NULL, 'gm_cfg_select_option(array(\'true\', \'false\'), '),
(193, 'MODULE_ORDER_TOTAL_FREEAMOUNT_FREE', 'AT:3.00,DE:3.58,00:9.99', 6, 0, '2020-05-06 13:33:20', NULL, NULL),
(194, 'MODULE_ORDER_TOTAL_GV_CALC_TAX', 'None', 6, 7, '2020-05-06 13:33:20', NULL, 'xtc_cfg_select_option(array(\'None\', \'Standard\', \'Credit Note\'), '),
(195, 'MODULE_ORDER_TOTAL_GV_CREDIT_TAX', 'false', 6, 8, '2020-05-06 13:33:20', NULL, 'gm_cfg_select_option(array(\'true\', \'false\'), '),
(196, 'MODULE_ORDER_TOTAL_GV_INC_SHIPPING', 'False', 6, 5, '2020-05-06 13:33:20', NULL, 'gm_cfg_select_option(array(\'True\', \'False\'), '),
(197, 'MODULE_ORDER_TOTAL_GV_INC_TAX', 'true', 6, 6, '2020-05-06 13:33:20', NULL, 'gm_cfg_select_option(array(\'true\', \'false\'), '),
(198, 'MODULE_ORDER_TOTAL_GV_QUEUE', 'true', 6, 3, '2020-05-06 13:33:20', NULL, 'gm_cfg_select_option(array(\'true\', \'false\'), '),
(199, 'MODULE_ORDER_TOTAL_GV_SHOW_INFO', 'false', 6, 9, '2020-05-06 13:33:20', NULL, 'gm_cfg_select_option(array(\'true\', \'false\'), '),
(200, 'MODULE_ORDER_TOTAL_GV_SORT_ORDER', '80', 6, 2, '2020-05-06 13:33:20', NULL, NULL),
(201, 'MODULE_ORDER_TOTAL_GV_STATUS', 'true', 6, 1, '2020-05-06 13:33:20', NULL, 'gm_cfg_select_option(array(\'true\', \'false\'), '),
(202, 'MODULE_ORDER_TOTAL_GV_TAX_CLASS', '0', 6, 0, '2020-05-06 13:33:20', 'xtc_get_tax_class_title', 'xtc_cfg_pull_down_tax_classes('),
(203, 'MODULE_ORDER_TOTAL_INSTALLED', 'ot_subtotal.php;ot_discount.php;ot_coupon.php;ot_shipping.php;ot_cod_fee.php;ot_gv.php;ot_subtotal_no_tax.php;ot_tax.php;ot_total_netto.php;ot_total.php', 6, 0, '2020-05-06 13:33:20', NULL, NULL),
(204, 'MODULE_ORDER_TOTAL_SHIPPING_DESTINATION', 'national', 6, 5, '2020-05-06 13:33:20', NULL, 'xtc_cfg_select_option(array(\'national\', \'international\', \'both\'), '),
(205, 'MODULE_ORDER_TOTAL_SHIPPING_FREE_SHIPPING', 'false', 6, 3, '2020-05-06 13:33:20', NULL, 'xtc_cfg_select_option(array(\'true\', \'false\'), '),
(206, 'MODULE_ORDER_TOTAL_SHIPPING_FREE_SHIPPING_OVER', '50', 6, 4, '2020-05-06 13:33:20', 'currencies->format', NULL),
(207, 'MODULE_ORDER_TOTAL_SHIPPING_SORT_ORDER', '30', 6, 2, '2020-05-06 13:33:20', NULL, NULL),
(208, 'MODULE_ORDER_TOTAL_SHIPPING_STATUS', 'true', 6, 1, '2020-05-06 13:33:20', NULL, 'xtc_cfg_select_option(array(\'true\', \'false\'), '),
(209, 'MODULE_ORDER_TOTAL_SHIPPING_TAX_CLASS', '0', 6, 7, '2020-05-06 13:33:20', 'xtc_get_tax_class_title', 'xtc_cfg_pull_down_tax_classes('),
(210, 'MODULE_ORDER_TOTAL_SUBTOTAL_NO_TAX_SORT_ORDER', '96', 6, 2, '2020-05-06 13:33:20', NULL, NULL),
(211, 'MODULE_ORDER_TOTAL_SUBTOTAL_NO_TAX_STATUS', 'true', 6, 1, '2020-05-06 13:33:20', NULL, 'gm_cfg_select_option(array(\'true\', \'false\'), '),
(212, 'MODULE_ORDER_TOTAL_SUBTOTAL_SORT_ORDER', '10', 6, 2, '2020-05-06 13:33:20', NULL, NULL),
(213, 'MODULE_ORDER_TOTAL_SUBTOTAL_STATUS', 'true', 6, 1, '2020-05-06 13:33:20', NULL, 'gm_cfg_select_option(array(\'true\', \'false\'), '),
(214, 'MODULE_ORDER_TOTAL_TAX_SORT_ORDER', '97', 6, 2, '2020-05-06 13:33:20', NULL, NULL),
(215, 'MODULE_ORDER_TOTAL_TAX_STATUS', 'true', 6, 1, '2020-05-06 13:33:20', NULL, 'gm_cfg_select_option(array(\'true\', \'false\'), '),
(216, 'MODULE_ORDER_TOTAL_TOTAL_NETTO_SORT_ORDER', '98', 6, 2, '2020-05-06 13:33:20', NULL, NULL),
(217, 'MODULE_ORDER_TOTAL_TOTAL_NETTO_STATUS', 'false', 6, 1, '2020-05-06 13:33:20', NULL, 'xtc_cfg_select_option(array(\'true\', \'false\'), '),
(218, 'MODULE_ORDER_TOTAL_TOTAL_SORT_ORDER', '99', 6, 2, '2020-05-06 13:33:20', NULL, NULL),
(219, 'MODULE_ORDER_TOTAL_TOTAL_STATUS', 'true', 6, 1, '2020-05-06 13:33:20', NULL, 'gm_cfg_select_option(array(\'true\', \'false\'), '),
(220, 'MODULE_PAYMENT_SEPA_COMPANY', '', 6, 0, '2020-05-06 13:33:20', NULL, NULL),
(221, 'MODULE_PAYMENT_SEPA_CREDITOR_ID', '', 6, 0, '2020-05-06 13:33:20', NULL, NULL),
(222, 'MODULE_PAYMENT_SEPA_POSTCODE_CITY', '', 6, 0, '2020-05-06 13:33:20', NULL, NULL),
(223, 'MODULE_PAYMENT_SEPA_SEND_MANDATE', 'true', 6, 0, '2020-05-06 13:33:20', NULL, 'gm_cfg_select_option(array(\'true\', \'false\'), '),
(224, 'MODULE_PAYMENT_SEPA_STREET_ADDRESS', '', 6, 0, '2020-05-06 13:33:20', NULL, NULL),
(225, 'MODULE_SHIPPING_INSTALLED', '', 6, 0, '2020-05-06 13:33:20', NULL, NULL),
(226, 'MO_PICS', '1000', 4, 3, '2020-05-06 13:33:20', NULL, NULL),
(227, 'NEW_SIGNUP_DISCOUNT_COUPON', '', 17, 5, '2020-05-06 13:33:20', NULL, NULL),
(228, 'NEW_SIGNUP_GIFT_VOUCHER_AMOUNT', '', 17, 4, '2020-05-06 13:33:20', NULL, NULL),
(229, 'PAYPAL_API_KEY', '120,116,99,111,109,109,101,114,99,101,95,83,104,111,112,112,105,110,103,67,97,114,116,95', 6, 5, '2020-05-06 13:33:20', NULL, NULL),
(230, 'PAYPAL_API_PWD', '', 25, 5, '2020-05-06 13:33:20', NULL, NULL),
(231, 'PAYPAL_API_SANDBOX_PWD', '', 25, 5, '2020-05-06 13:33:20', NULL, NULL),
(232, 'PAYPAL_API_SANDBOX_SIGNATURE', '', 25, 6, '2020-05-06 13:33:20', NULL, NULL),
(233, 'PAYPAL_API_SANDBOX_USER', '', 25, 4, '2020-05-06 13:33:20', NULL, NULL),
(234, 'PAYPAL_API_SIGNATURE', '', 25, 6, '2020-05-06 13:33:20', NULL, NULL),
(235, 'PAYPAL_API_USER', '', 25, 4, '2020-05-06 13:33:20', NULL, NULL),
(236, 'PAYPAL_COUNTRY_MODE', 'de', 25, 16, '2020-05-06 13:33:20', NULL, 'xtc_cfg_select_option(array(\'de\', \'uk\'),'),
(237, 'PAYPAL_EXPRESS_ADDRESS_CHANGE', 'true', 25, 17, '2020-05-06 13:33:20', NULL, 'xtc_cfg_select_option(array(\'true\', \'false\'),'),
(238, 'PAYPAL_EXPRESS_ADDRESS_OVERRIDE', 'true', 25, 18, '2020-05-06 13:33:20', NULL, 'xtc_cfg_select_option(array(\'true\', \'false\'),'),
(239, 'PAYPAL_EXPRESS_PAYMENTACTION', 'Sale', 25, 16, '2020-05-06 13:33:20', NULL, 'xtc_cfg_select_option(array(\'Sale\', \'Authorization\', \'Order\'), '),
(240, 'PAYPAL_MODE', 'live', 25, 1, '2020-05-06 13:33:20', NULL, 'xtc_cfg_select_option(array(\'sandbox\', \'live\'),'),
(241, 'PAYPAL_ORDER_STATUS_PENDING_ID', '1', 25, 11, '2020-05-06 13:33:20', 'xtc_get_order_status_name', 'xtc_cfg_pull_down_order_statuses('),
(242, 'PAYPAL_ORDER_STATUS_REJECTED_ID', '1', 25, 12, '2020-05-06 13:33:20', 'xtc_get_order_status_name', 'xtc_cfg_pull_down_order_statuses('),
(243, 'PAYPAL_ORDER_STATUS_SUCCESS_ID', '2', 25, 10, '2020-05-06 13:33:20', 'xtc_get_order_status_name', 'xtc_cfg_pull_down_order_statuses('),
(244, 'PAYPAL_ORDER_STATUS_TMP_ID', '1', 25, 9, '2020-05-06 13:33:20', 'xtc_get_order_status_name', 'xtc_cfg_pull_down_order_statuses('),
(245, 'PAYPAL_SHOP_LOGO', '', 25, 13, '2020-05-06 13:33:20', NULL, ''),
(246, 'PREFER_GZHANDLER', 'false', 14, 3, '2020-05-06 13:33:20', NULL, 'gm_cfg_select_option(array(\'true\', \'false\'),'),
(247, 'PRICE_IS_BRUTTO', 'true', 1, 42, '2020-05-06 13:33:20', NULL, 'gm_cfg_select_option(array(\'true\', \'false\'),'),
(248, 'PRICE_PRECISION', '4', 1, 43, '2020-05-06 13:33:20', NULL, ''),
(249, 'PRODUCT_IMAGE_INFO_BEVEL', '', 4, 21, '2020-05-06 13:33:20', NULL, NULL),
(250, 'PRODUCT_IMAGE_INFO_DROP_SHADDOW', '', 4, 27, '2020-05-06 13:33:20', NULL, NULL),
(251, 'PRODUCT_IMAGE_INFO_ELLIPSE', '', 4, 23, '2020-05-06 13:33:20', NULL, NULL),
(252, 'PRODUCT_IMAGE_INFO_FRAME', '', 4, 26, '2020-05-06 13:33:20', NULL, NULL),
(253, 'PRODUCT_IMAGE_INFO_GREYSCALE', '', 4, 22, '2020-05-06 13:33:20', NULL, NULL),
(254, 'PRODUCT_IMAGE_INFO_HEIGHT', '350', 4, 10, '2020-05-06 13:33:20', NULL, 'cfg_number_required_min_max_input(1,\'\','),
(255, 'PRODUCT_IMAGE_INFO_MERGE', '', 4, 25, '2020-05-06 13:33:20', NULL, NULL),
(256, 'PRODUCT_IMAGE_INFO_MOTION_BLUR', '', 4, 28, '2020-05-06 13:33:20', NULL, NULL),
(257, 'PRODUCT_IMAGE_INFO_ROUND_EDGES', '', 4, 24, '2020-05-06 13:33:20', NULL, NULL),
(258, 'PRODUCT_IMAGE_INFO_WIDTH', '369', 4, 9, '2020-05-06 13:33:20', NULL, 'cfg_number_required_min_max_input(1,\'\','),
(259, 'PRODUCT_IMAGE_POPUP_BEVEL', '', 4, 29, '2020-05-06 13:33:20', NULL, NULL),
(260, 'PRODUCT_IMAGE_POPUP_DROP_SHADDOW', '', 4, 35, '2020-05-06 13:33:20', NULL, NULL),
(261, 'PRODUCT_IMAGE_POPUP_ELLIPSE', '', 4, 31, '2020-05-06 13:33:20', NULL, NULL),
(262, 'PRODUCT_IMAGE_POPUP_FRAME', '', 4, 34, '2020-05-06 13:33:20', NULL, NULL),
(263, 'PRODUCT_IMAGE_POPUP_GREYSCALE', '', 4, 30, '2020-05-06 13:33:20', NULL, NULL),
(264, 'PRODUCT_IMAGE_POPUP_HEIGHT', '600', 4, 12, '2020-05-06 13:33:20', NULL, 'cfg_number_required_min_max_input(1,\'\','),
(265, 'PRODUCT_IMAGE_POPUP_MERGE', '', 4, 33, '2020-05-06 13:33:20', NULL, NULL),
(266, 'PRODUCT_IMAGE_POPUP_MOTION_BLUR', '', 4, 36, '2020-05-06 13:33:20', NULL, NULL),
(267, 'PRODUCT_IMAGE_POPUP_ROUND_EDGES', '', 4, 32, '2020-05-06 13:33:20', NULL, NULL),
(268, 'PRODUCT_IMAGE_POPUP_WIDTH', '600', 4, 11, '2020-05-06 13:33:20', NULL, 'cfg_number_required_min_max_input(1,\'\','),
(269, 'PRODUCT_IMAGE_THUMBNAIL_BEVEL', '', 4, 13, '2020-05-06 13:33:20', '', ''),
(270, 'PRODUCT_IMAGE_THUMBNAIL_DROP_SHADDOW', '', 4, 19, '2020-05-06 13:33:20', NULL, NULL),
(271, 'PRODUCT_IMAGE_THUMBNAIL_ELLIPSE', '', 4, 15, '2020-05-06 13:33:20', NULL, NULL),
(272, 'PRODUCT_IMAGE_THUMBNAIL_FRAME', '', 4, 18, '2020-05-06 13:33:20', NULL, NULL),
(273, 'PRODUCT_IMAGE_THUMBNAIL_GREYSCALE', '', 4, 14, '2020-05-06 13:33:20', NULL, NULL),
(274, 'PRODUCT_IMAGE_THUMBNAIL_HEIGHT', '130', 4, 8, '2020-05-06 13:33:20', NULL, 'cfg_number_required_min_max_input(1,\'\','),
(275, 'PRODUCT_IMAGE_THUMBNAIL_MERGE', '', 4, 17, '2020-05-06 13:33:20', NULL, NULL),
(276, 'PRODUCT_IMAGE_THUMBNAIL_MOTION_BLUR', '', 4, 20, '2020-05-06 13:33:20', NULL, NULL),
(277, 'PRODUCT_IMAGE_THUMBNAIL_ROUND_EDGES', '', 4, 16, '2020-05-06 13:33:20', NULL, NULL),
(278, 'PRODUCT_IMAGE_THUMBNAIL_WIDTH', '150', 4, 7, '2020-05-06 13:33:20', NULL, 'cfg_number_required_min_max_input(1,\'\','),
(279, 'PRODUCT_LIST_FILTER', '1', 1, 52, '2020-05-06 13:33:20', NULL, NULL),
(280, 'PRODUCT_REVIEWS_VIEW', '5', 3, 20, '2020-05-06 13:33:20', NULL, 'cfg_number_required_input('),
(281, 'QUICKLINK_ACTIVATED', 'true', 17, 11, '2020-05-06 13:33:20', NULL, 'gm_cfg_select_option(array(\'true\', \'false\'),'),
(282, 'REVIEW_TEXT_MIN_LENGTH', '50', 2, 14, '2020-05-06 13:33:20', NULL, 'cfg_number_required_input('),
(283, 'SEARCH_IN_ATTR', 'false', 1, 50, '2020-05-06 13:33:20', NULL, 'gm_cfg_select_option(array(\'true\', \'false\'),'),
(284, 'SEARCH_IN_DESC', 'true', 1, 51, '2020-05-06 13:33:20', NULL, 'gm_cfg_select_option(array(\'true\', \'false\'),'),
(285, 'SECURITY_CODE_LENGTH', '10', 17, 3, '2020-05-06 13:33:20', NULL, 'cfg_number_required_min_max_input(1, 16,'),
(286, 'SENDMAIL_PATH', '/usr/sbin/sendmail', 12, 2, '2020-05-06 13:33:20', NULL, NULL),
(287, 'SEND_EMAILS', 'true', 12, 13, '2020-05-06 13:33:20', NULL, 'gm_cfg_select_option(array(\'true\', \'false\'),'),
(288, 'SEND_EMAIL_BY_BILLING_ADRESS', 'CUSTOMER_MAIL', 12, 40, '2020-05-06 13:33:20', NULL, 'gm_cfg_select_option(array(\'CUSTOMER_MAIL\', \'SHOP_OWNER\'),'),
(289, 'SESSION_CHECK_IP_ADDRESS', 'False', 15, 5, '2020-05-06 13:33:20', NULL, 'gm_cfg_select_option(array(\'True\', \'False\'),'),
(290, 'SESSION_CHECK_USER_AGENT', 'False', 15, 4, '2020-05-06 13:33:20', NULL, 'gm_cfg_select_option(array(\'True\', \'False\'),'),
(291, 'SESSION_FORCE_COOKIE_USE', 'False', 15, 2, '2020-05-06 13:33:20', NULL, 'gm_cfg_select_option(array(\'True\', \'False\'),'),
(292, 'SESSION_RECREATE', 'True', 15, 7, '2020-05-06 13:33:20', NULL, 'gm_cfg_select_option(array(\'True\', \'False\'),'),
(293, 'SESSION_TIMEOUT', '24', 15, 8, '2020-05-06 13:33:20', NULL, NULL),
(294, 'SHIPPING_BOX_PADDING', '0', 7, 5, '2020-05-06 13:33:20', NULL, 'cfg_number_required_input('),
(295, 'SHIPPING_BOX_WEIGHT', '0', 7, 4, '2020-05-06 13:33:20', NULL, 'cfg_number_required_step_input(0.001,'),
(296, 'SHIPPING_INFOS', '3889891', 7, 5, '2020-05-06 13:33:20', NULL, 'cfg_number_required_input('),
(297, 'SHIPPING_MAX_WEIGHT', '50', 7, 3, '2020-05-06 13:33:20', NULL, 'cfg_number_required_min_max_step_input(1, 99999, 0.1,'),
(298, 'SHIPPING_ORIGIN_COUNTRY', '81', 7, 1, '2020-05-06 13:33:20', 'xtc_get_country_name', 'xtc_cfg_pull_down_country_list('),
(299, 'SHIPPING_ORIGIN_ZIP', '28219', 7, 2, '2020-05-06 13:33:20', NULL, NULL),
(300, 'SHOW_CART_SHIPPING_COSTS', 'true', 7, 8, '2020-05-06 13:33:20', NULL, 'gm_cfg_select_option(array(\'true\', \'false\'),'),
(301, 'SHOW_CART_SHIPPING_WEIGHT', 'true', 7, 9, '2020-05-06 13:33:20', NULL, 'gm_cfg_select_option(array(\'true\', \'false\'),'),
(302, 'SHOW_COUNTS', 'false', 1, 32, '2020-05-06 13:33:20', NULL, 'gm_cfg_select_option(array(\'true\', \'false\'),'),
(303, 'SHOW_SHIPPING', 'true', 7, 6, '2020-05-06 13:33:20', NULL, 'gm_cfg_select_option(array(\'true\', \'false\'),'),
(304, 'SHOW_UNTRANSLATED_MENUITEMS', 'false', 17, 13, '2020-05-06 13:33:20', NULL, 'gm_cfg_select_option(array(\'true\', \'false\'),'),
(305, 'SMTP_AUTH', 'false', 12, 8, '2020-05-06 13:33:20', NULL, 'gm_cfg_select_option(array(\'true\', \'false\'),'),
(306, 'SMTP_Backup_Server', 'localhost', 12, 4, '2020-05-06 13:33:20', NULL, NULL),
(307, 'SMTP_ENCRYPTION', 'none', 12, 9, '2020-05-06 13:33:20', NULL, 'gm_cfg_select_option(array(\'none\', \'ssl\', \'tls\'),'),
(308, 'SMTP_MAIN_SERVER', 'localhost', 12, 3, '2020-05-06 13:33:20', NULL, NULL),
(309, 'SMTP_PASSWORD', 'Please Enter', 12, 7, '2020-05-06 13:33:20', NULL, NULL),
(310, 'SMTP_PORT', '25', 12, 5, '2020-05-06 13:33:20', NULL, NULL),
(311, 'SMTP_USERNAME', 'Please Enter', 12, 6, '2020-05-06 13:33:20', NULL, NULL),
(312, 'SQL_LOG_MAX_FILESIZE', '1', 10, 7, '2020-05-06 13:33:20', NULL, NULL),
(313, 'STOCK_ALLOW_CHECKOUT', 'true', 9, 5, '2020-05-06 13:33:20', NULL, 'gm_cfg_select_option(array(\'true\', \'false\'),'),
(314, 'STOCK_CHECK', 'false', 9, 1, '2020-05-06 13:33:20', NULL, 'gm_cfg_select_option(array(\'true\', \'false\'),'),
(315, 'STOCK_LIMITED', 'false', 9, 4, '2020-05-06 13:33:20', NULL, 'gm_cfg_select_option(array(\'true\', \'false\'),'),
(316, 'STOCK_MARK_PRODUCT_OUT_OF_STOCK', '***', 9, 6, '2020-05-06 13:33:20', NULL, NULL),
(317, 'STOCK_REORDER_LEVEL', '5', 9, 7, '2020-05-06 13:33:20', NULL, NULL),
(318, 'CHECK_STOCK_BEFORE_SHOPPING_CART', 'false', 9, 8, '2020-05-06 13:33:20', NULL, 'gm_cfg_select_option(array(\'true\', \'false\'),'),
(319, 'STORE_COUNTRY', '81', 1, 10, '2020-05-06 13:33:20', 'xtc_get_country_name', 'xtc_cfg_pull_down_country_list('),
(320, 'STORE_DB_TRANSACTIONS', 'false', 10, 8, '2020-05-06 13:33:20', NULL, 'gm_cfg_select_option(array(\'true\', \'false\'),'),
(321, 'STORE_NAME', 'Gambio Testshop', 1, 1, '2020-05-06 13:33:20', NULL, NULL),
(322, 'STORE_NAME_ADDRESS', '', 1, 17, '2020-05-06 13:33:20', NULL, 'xtc_cfg_textarea('),
(323, 'STORE_OWNER', 'Gambio GmbH', 1, 2, '2020-05-06 13:33:20', NULL, NULL),
(324, 'STORE_OWNER_EMAIL_ADDRESS', 'admin@shop.de', 1, 14, '2020-05-06 13:33:20', NULL, 'cfg_email_required_input('),
(325, 'STORE_PAGE_PARSE_TIME', 'false', 10, 1, '2020-05-06 13:33:20', NULL, 'gm_cfg_select_option(array(\'true\', \'false\'),'),
(326, 'STORE_PAGE_PARSE_TIME_LOG', '/var/www/html/stable/src/admin/backups/page_parse_time.log', 10, 2, '2020-05-06 13:33:20', NULL, NULL),
(327, 'STORE_PARSE_DATE_TIME_FORMAT', '%d/%m/%Y %H:%M:%S', 10, 3, '2020-05-06 13:33:20', NULL, NULL),
(328, 'STORE_ZONE', '1355', 1, 11, '2020-05-06 13:33:20', 'xtc_cfg_get_zone_name', 'xtc_cfg_pull_down_zone_list('),
(329, 'TRADER_FAX', '', 1, 13, '2020-05-06 13:33:20', '', ''),
(330, 'TRADER_FIRSTNAME', 'Max', 1, 4, '2020-05-06 13:33:20', '', ''),
(331, 'TRADER_LOCATION', 'Bremen', 1, 9, '2020-05-06 13:33:20', '', ''),
(332, 'TRADER_NAME', 'Mustermann', 1, 5, '2020-05-06 13:33:20', '', ''),
(333, 'TRADER_STREET', 'Parallelweg', 1, 6, '2020-05-06 13:33:20', '', ''),
(334, 'TRADER_STREET_NUMBER', '30', 1, 7, '2020-05-06 13:33:20', '', ''),
(335, 'TRADER_TEL', '0421 - 22 34 678', 1, 12, '2020-05-06 13:33:20', '', ''),
(336, 'TRADER_ZIPCODE', '28219', 1, 8, '2020-05-06 13:33:20', '', ''),
(337, 'UNFOLD_FAVS_BOX', 'false', 1, 48, '2020-05-06 13:33:20', NULL, 'gm_cfg_select_option(array(\'true\', \'false\'),'),
(338, 'USE_CACHE', 'false', 11, 1, '2020-05-06 13:33:20', NULL, 'gm_cfg_select_option(array(\'true\', \'false\'),'),
(339, 'USE_DEFAULT_LANGUAGE_CURRENCY', 'false', 1, 25, '2020-05-06 13:33:20', NULL, 'gm_cfg_select_option(array(\'true\', \'false\'),'),
(340, 'USE_WYSIWYG', 'true', 17, 1, '2020-05-06 13:33:20', NULL, 'gm_cfg_select_option(array(\'true\', \'false\'),'),
(341, '_PAYMENT_SKRILL_CANCELED_STATUS_ID', '0', 32, 8, '2020-05-06 13:33:20', 'xtc_get_order_status_name', 'xtc_cfg_pull_down_order_statuses('),
(342, '_PAYMENT_SKRILL_EMAILID', '', 32, 1, '2020-05-06 13:33:20', NULL, NULL),
(343, '_PAYMENT_SKRILL_EXPERTMODE', '0', 32, 9, '2020-05-06 13:33:20', NULL, NULL),
(344, '_PAYMENT_SKRILL_MERCHANTID', '', 32, 3, '2020-05-06 13:33:20', NULL, NULL),
(345, '_PAYMENT_SKRILL_MODULES', '', 32, 4, '2020-05-06 13:33:20', NULL, NULL),
(346, '_PAYMENT_SKRILL_PENDING_STATUS_ID', '0', 32, 7, '2020-05-06 13:33:20', 'xtc_get_order_status_name', 'xtc_cfg_pull_down_order_statuses('),
(347, '_PAYMENT_SKRILL_PROCESSED_STATUS_ID', '0', 32, 6, '2020-05-06 13:33:20', 'xtc_get_order_status_name', 'xtc_cfg_pull_down_order_statuses('),
(348, '_PAYMENT_SKRILL_PWD', '', 32, 2, '2020-05-06 13:33:20', NULL, NULL),
(349, '_PAYMENT_SKRILL_TMP_STATUS_ID', '0', 32, 5, '2020-05-06 13:33:20', 'xtc_get_order_status_name', 'xtc_cfg_pull_down_order_statuses('),
(350, 'EMAIL_MAX_LIMIT', '1000', 12, 99, '2020-05-06 13:33:20', '', ''),
(351, 'MODULE_PAYMENT_AMAZONADVPAY_ALIAS', 'AMAZ', 0, NULL, '2020-05-06 13:33:20', '', ''),
(352, 'MODULE_PAYMENT_BILLSAFE_3_INSTALLMENT_ALIAS', 'BSRA', 0, NULL, '2020-05-06 13:33:20', '', ''),
(353, 'MODULE_PAYMENT_BILLSAFE_3_INVOICE_ALIAS', 'BSRE', 0, NULL, '2020-05-06 13:33:20', '', ''),
(354, 'MODULE_PAYMENT_CASH_ALIAS', 'BAR', 0, NULL, '2020-05-06 13:33:20', '', ''),
(355, 'MODULE_PAYMENT_EUSTANDARDTRANSFER_ALIAS', 'EUS', 0, NULL, '2020-05-06 13:33:20', '', ''),
(356, 'MODULE_PAYMENT_BANKTRANSFER_ALIAS', 'LS', 0, NULL, '2020-05-06 13:33:20', '', ''),
(357, 'MODULE_PAYMENT_SEPA_ALIAS', 'SEPA', 0, NULL, '2020-05-06 13:33:20', '', ''),
(358, 'MODULE_PAYMENT_COD_ALIAS', 'NN', 0, NULL, '2020-05-06 13:33:20', '', ''),
(359, 'MODULE_PAYMENT_INVOICE_ALIAS', 'RECH', 0, NULL, '2020-05-06 13:33:20', '', ''),
(360, 'MODULE_PAYMENT_MONEYORDER_ALIAS', 'VK', 0, NULL, '2020-05-06 13:33:20', '', ''),
(361, 'MODULE_PAYMENT_PAYPAL3_ALIAS', 'PP', 0, NULL, '2020-05-06 13:33:20', '', ''),
(362, 'MODULE_PAYMENT_HPCC_ALIAS', 'HPCC', 0, NULL, '2020-05-06 13:33:20', '', ''),
(363, 'MODULE_PAYMENT_HPDC_ALIAS', 'HPDC', 0, NULL, '2020-05-06 13:33:20', '', ''),
(364, 'MODULE_PAYMENT_HPDD_ALIAS', 'HPDD', 0, NULL, '2020-05-06 13:33:20', '', ''),
(365, 'MODULE_PAYMENT_HPGP_ALIAS', 'HPGP', 0, NULL, '2020-05-06 13:33:20', '', ''),
(366, 'MODULE_PAYMENT_HPIDL_ALIAS', 'HPID', 0, NULL, '2020-05-06 13:33:20', '', ''),
(367, 'MODULE_PAYMENT_HPPP_ALIAS', 'HPVK', 0, NULL, '2020-05-06 13:33:20', '', ''),
(368, 'MODULE_PAYMENT_HPPAY_ALIAS', 'HPPP', 0, NULL, '2020-05-06 13:33:20', '', ''),
(369, 'MODULE_PAYMENT_HPSU_ALIAS', 'HPSU', 0, NULL, '2020-05-06 13:33:20', '', ''),
(370, 'MODULE_PAYMENT_HPBS_ALIAS', 'HPBS', 0, NULL, '2020-05-06 13:33:20', '', ''),
(371, 'MODULE_PAYMENT_HPIV_ALIAS', 'HPIV', 0, NULL, '2020-05-06 13:33:20', '', ''),
(372, 'MODULE_PAYMENT_HPPF_ALIAS', 'HPPF', 0, NULL, '2020-05-06 13:33:20', '', ''),
(373, 'MODULE_PAYMENT_HPMK_ALIAS', 'HPMK', 0, NULL, '2020-05-06 13:33:20', '', ''),
(374, 'MODULE_PAYMENT_KLARNA_INVOICE_ALIAS', 'KLRE', 0, NULL, '2020-05-06 13:33:20', '', ''),
(375, 'MODULE_PAYMENT_KLARNA_PARTPAY_ALIAS', 'KLRA', 0, NULL, '2020-05-06 13:33:20', '', ''),
(376, 'MODULE_PAYMENT_IPAYMENT_CC_ALIAS', 'IPCC', 0, NULL, '2020-05-06 13:33:20', '', ''),
(377, 'MODULE_PAYMENT_IPAYMENT_ELV_ALIAS', 'IPEL', 0, NULL, '2020-05-06 13:33:20', '', ''),
(378, 'MODULE_PAYMENT_MASTERPAYMENT_ANZAHLUNGSKAUF_ALIAS', 'MAAN', 0, NULL, '2020-05-06 13:33:20', '', ''),
(379, 'MODULE_PAYMENT_MASTERPAYMENT_CONFIG_ALIAS', 'MACO', 0, NULL, '2020-05-06 13:33:20', '', ''),
(380, 'MODULE_PAYMENT_MASTERPAYMENT_CREDIT_CARD_ALIAS', 'MACC', 0, NULL, '2020-05-06 13:33:20', '', ''),
(381, 'MODULE_PAYMENT_MASTERPAYMENT_DEBIT_CARD_ALIAS', 'MADC', 0, NULL, '2020-05-06 13:33:20', '', ''),
(382, 'MODULE_PAYMENT_MASTERPAYMENT_ELV_ALIAS', 'MAEL', 0, NULL, '2020-05-06 13:33:20', '', ''),
(383, 'MODULE_PAYMENT_MASTERPAYMENT_FINANZIERUNG_ALIAS', 'MAFI', 0, NULL, '2020-05-06 13:33:20', '', ''),
(384, 'MODULE_PAYMENT_MASTERPAYMENT_PHONE_ALIAS', 'MAPH', 0, NULL, '2020-05-06 13:33:20', '', ''),
(385, 'MODULE_PAYMENT_MASTERPAYMENT_RATENZAHLUNG_ALIAS', 'MARA', 0, NULL, '2020-05-06 13:33:20', '', ''),
(386, 'MODULE_PAYMENT_MASTERPAYMENT_RECHNUNGSKAUF_ALIAS', 'MARE', 0, NULL, '2020-05-06 13:33:20', '', ''),
(387, 'MODULE_PAYMENT_MASTERPAYMENT_SOFORTBANKING_ALIAS', 'MASO', 0, NULL, '2020-05-06 13:33:20', '', ''),
(389, 'MODULE_PAYMENT_SKRILL_CC_ALIAS', 'SKCC', 0, NULL, '2020-05-06 13:33:20', '', ''),
(390, 'MODULE_PAYMENT_SKRILL_CGB_ALIAS', 'SKCB', 0, NULL, '2020-05-06 13:33:20', '', ''),
(391, 'MODULE_PAYMENT_SKRILL_CSI_ALIAS', 'SKCS', 0, NULL, '2020-05-06 13:33:20', '', ''),
(392, 'MODULE_PAYMENT_SKRILL_ELV_ALIAS', 'SKEL', 0, NULL, '2020-05-06 13:33:20', '', ''),
(393, 'MODULE_PAYMENT_SKRILL_GIROPAY_ALIAS', 'SKGP', 0, NULL, '2020-05-06 13:33:20', '', ''),
(394, 'MODULE_PAYMENT_SKRILL_IDEAL_ALIAS', 'SKID', 0, NULL, '2020-05-06 13:33:20', '', ''),
(395, 'MODULE_PAYMENT_SKRILL_MAE_ALIAS', 'SKMA', 0, NULL, '2020-05-06 13:33:20', '', ''),
(396, 'MODULE_PAYMENT_SKRILL_NETPAY_ALIAS', 'SKNE', 0, NULL, '2020-05-06 13:33:20', '', ''),
(397, 'MODULE_PAYMENT_SKRILL_PSP_ALIAS', 'SKPP', 0, NULL, '2020-05-06 13:33:20', '', ''),
(398, 'MODULE_PAYMENT_SKRILL_PWY_ALIAS', 'SKPR', 0, NULL, '2020-05-06 13:33:20', '', ''),
(399, 'MODULE_PAYMENT_SKRILL_SFT_ALIAS', 'SKSU', 0, NULL, '2020-05-06 13:33:20', '', ''),
(400, 'MODULE_PAYMENT_SKRILL_WLT_ALIAS', 'SKEW', 0, NULL, '2020-05-06 13:33:20', '', ''),
(401, 'MODULE_PAYMENT_SKRILL_PAYINV_ALIAS', 'SKRE', 0, NULL, '2020-05-06 13:33:20', '', ''),
(402, 'MODULE_PAYMENT_SKRILL_PAYINS_ALIAS', 'SKRA', 0, NULL, '2020-05-06 13:33:20', '', ''),
(403, 'MODULE_PAYMENT_PAYONE_CC_ALIAS', 'PACC', 0, NULL, '2020-05-06 13:33:20', '', ''),
(404, 'MODULE_PAYMENT_PAYONE_ELV_ALIAS', 'PAEL', 0, NULL, '2020-05-06 13:33:20', '', ''),
(405, 'MODULE_PAYMENT_PAYONE_COD_ALIAS', 'PANN', 0, NULL, '2020-05-06 13:33:20', '', ''),
(406, 'MODULE_PAYMENT_PAYONE_OTRANS_ALIAS', 'PAUW', 0, NULL, '2020-05-06 13:33:20', '', ''),
(407, 'MODULE_PAYMENT_PAYONE_WLT_ALIAS', 'PAPP', 0, NULL, '2020-05-06 13:33:20', '', ''),
(408, 'MODULE_PAYMENT_PAYONE_INSTALLMENT_ALIAS', 'PARA', 0, NULL, '2020-05-06 13:33:20', '', ''),
(409, 'MODULE_PAYONE_INVOICE_ALIAS', 'PARE', 0, NULL, '2020-05-06 13:33:20', '', ''),
(410, 'MODULE_PAYMENT_PAYONE_PREPAY_ALIAS', 'PAVK', 0, NULL, '2020-05-06 13:33:20', '', ''),
(411, 'MODULE_PAYMENT_PAYGATE_SSL_ALIAS', 'PAYG', 0, NULL, '2020-05-06 13:33:20', '', ''),
(412, 'MODULE_PAYMENT_POSTFINANCEAG_BASIC_ALIAS', 'POFI', 0, NULL, '2020-05-06 13:33:20', '', ''),
(413, 'MODULE_PAYMENT_POSTFINANCEAG_DINERS_ALIAS', 'PODI', 0, NULL, '2020-05-06 13:33:20', '', ''),
(414, 'MODULE_PAYMENT_POSTFINANCEAG_MASTERCARD_ALIAS', 'POMA', 0, NULL, '2020-05-06 13:33:20', '', ''),
(415, 'MODULE_PAYMENT_POSTFINANCEAG_AMEX_ALIAS', 'POAM', 0, NULL, '2020-05-06 13:33:20', '', ''),
(416, 'MODULE_PAYMENT_POSTFINANCEAG_VISA_ALIAS', 'POVI', 0, NULL, '2020-05-06 13:33:20', '', ''),
(417, 'MODULE_PAYMENT_RSMARTSEPA_ALIAS', 'RSMA', 0, NULL, '2020-05-06 13:33:20', '', ''),
(418, 'MODULE_PAYMENT_SAFERPAYGW_ALIAS', 'SAPA', 0, NULL, '2020-05-06 13:33:20', '', ''),
(419, 'MODULE_PAYMENT_SOFORT_SOFORTUEBERWEISUNG_ALIAS', 'SÜ', 0, NULL, '2020-05-06 13:33:20', '', ''),
(420, 'MODULE_SHIPPING_GAMBIOULTRA_ALIAS', 'ARTV', 0, NULL, '2020-05-06 13:33:20', '', ''),
(421, 'MODULE_SHIPPING_CHRONOPOST_ALIAS', 'CHRO', 0, NULL, '2020-05-06 13:33:20', '', ''),
(422, 'MODULE_SHIPPING_DP_ALIAS', 'Deutsche Post', 0, NULL, '2020-05-06 13:33:20', '', ''),
(423, 'MODULE_SHIPPING_DHL_ALIAS', 'DHLA', 0, NULL, '2020-05-06 13:33:20', '', ''),
(424, 'MODULE_SHIPPING_DPD_ALIAS', 'DPD', 0, NULL, '2020-05-06 13:33:20', '', ''),
(425, 'MODULE_SHIPPING_FEDEXEU_ALIAS', 'FED', 0, NULL, '2020-05-06 13:33:20', '', ''),
(426, 'MODULE_SHIPPING_HERMESPROPS_ALIAS', 'HERM', 0, NULL, '2020-05-06 13:33:20', '', ''),
(427, 'MODULE_SHIPPING_INTERKURIER_ALIAS', 'INT', 0, NULL, '2020-05-06 13:33:20', '', ''),
(428, 'MODULE_SHIPPING_AP_ALIAS', 'ATP', 0, NULL, '2020-05-06 13:33:20', '', ''),
(429, 'MODULE_SHIPPING_FLAT_ALIAS', 'PAU', 0, NULL, '2020-05-06 13:33:20', '', ''),
(430, 'MODULE_SHIPPING_CHP_ALIAS', 'CHP', 0, NULL, '2020-05-06 13:33:20', '', ''),
(431, 'MODULE_SHIPPING_SELFPICKUP_ALIAS', 'ABH', 0, NULL, '2020-05-06 13:33:20', '', ''),
(432, 'MODULE_SHIPPING_UPSE_ALIAS', 'UPSE', 0, NULL, '2020-05-06 13:33:20', '', ''),
(433, 'MODULE_SHIPPING_UPS_ALIAS', 'UPS', 0, NULL, '2020-05-06 13:33:20', '', ''),
(434, 'MODULE_SHIPPING_ZONES_ALIAS', 'UNV', 0, NULL, '2020-05-06 13:33:20', '', ''),
(435, 'MODULE_SHIPPING_B2CZONES_ALIAS', 'VER', 0, NULL, '2020-05-06 13:33:20', '', ''),
(436, 'MODULE_SHIPPING_TABLE_ALIAS', 'VKPG', 0, NULL, '2020-05-06 13:33:20', '', ''),
(437, 'MODULE_SHIPPING_ITEM_ALIAS', 'VKST', 0, NULL, '2020-05-06 13:33:20', '', ''),
(438, 'MODULE_SHIPPING_FREEAMOUNT_ALIAS', 'FREI', 0, NULL, '2020-05-06 13:33:20', '', ''),
(439, 'MODULE_SHIPPING_ZONESE_ALIAS', 'VERS', 0, NULL, '2020-05-06 13:33:20', '', ''),
(440, 'MOVE_ONLY_IF_NO_GUEST', 'true', 18, 4, '2020-05-06 13:33:20', '', 'gm_cfg_select_option(array(\'true\', \'false\'),'),
(441, 'CURRENT_THEME', 'Malibu', 0, 42, '2020-05-06 13:33:20', '', 'xtc_cfg_pull_down_template_sets('),
(442, 'STORE_OWNER_VAT_ID', '', 18, 3, '2020-05-06 13:33:20', NULL, NULL),
(443, 'MAX_DISPLAY_CROSSSELLING', '4', 3, 16, '2020-05-06 13:33:20', NULL, 'cfg_number_required_input('),
(444, 'USE_BUSTFILES', 'false', 14, 5, '2020-05-06 13:33:20', NULL, 'gm_cfg_select_option(array(\'true\', \'false\'),'),
(445, 'MODULE_PAYMENT_GAMBIO_HUB_DATA_OBSERVER', 'True', 6, 1, '2020-05-06 13:33:20', '', 'gm_cfg_select_option(array(\'True\', \'False\'), '),
(446, 'MODULE_PAYMENT_INSTALLED', 'gambio_hub.php', 6, 0, '2020-05-06 13:34:12', NULL, NULL),
(447, 'MODULE_PAYMENT_GAMBIO_HUB_STATUS', 'False', 6, 1, '2020-05-06 13:34:12', '', 'gm_cfg_select_option(array(\'True\', \'False\'), '),
(448, 'MODULE_PAYMENT_GAMBIO_HUB_ALLOWED', '', 6, 0, '2020-05-06 13:34:12', '', ''),
(449, 'MODULE_PAYMENT_GAMBIO_HUB_SORT_ORDER', '0', 6, 0, '2020-05-06 13:34:12', '', ''),
(450, 'MODULE_PAYMENT_GAMBIO_HUB_ZONE', '0', 6, 2, '2020-05-06 13:34:12', 'xtc_get_zone_class_title', 'xtc_cfg_pull_down_zone_classes('),
(451, 'MODULE_PAYMENT_GAMBIO_HUB_ORDER_STATUS_ID', '0', 6, 0, '2020-05-06 13:34:12', 'xtc_get_order_status_name', 'xtc_cfg_pull_down_order_statuses('),
(452, 'MODULE_PAYMENT_GAMBIO_HUB_URL', 'https://core-api.gambiohub.com/a/api.php/api/v1', 6, 0, '2020-05-06 13:34:12', '', ''),
(453, 'MODULE_PAYMENT_GAMBIO_HUB_SETTINGS_APP_URL', 'https://gui.gambiohub.com/a/settings', 6, 0, '2020-05-06 13:34:12', '', ''),
(454, 'MODULE_PAYMENT_GAMBIO_HUB_ACCOUNT_APP_URL', 'https://gui.gambiohub.com/a/account', 6, 0, '2020-05-06 13:34:12', '', ''),
(455, 'MODULE_PAYMENT_GAMBIO_HUB_IP_LIST_URL', 'https://core-api.gambiohub.com/trust/hub_hosts.json', 6, 0, '2020-05-06 13:34:12', '', ''),
(456, 'MODULE_PAYMENT_GAMBIO_HUB_REST_ACTIONS_URL', 'https://core-api.gambiohub.com/trust/rest_actions.json', 6, 0, '2020-05-06 13:34:12', '', ''),
(457, 'MODULE_PAYMENT_GAMBIO_HUB_IP_WHITELIST', '', 6, 0, '2020-05-06 13:34:12', '', ''),
(459, 'MODULE_ORDER_TOTAL_SHIPPING_SHOW_TITLE', 'false', 6, 8, '2020-05-06 13:59:34', NULL, 'gm_cfg_select_option(array(\'true\', \'false\'), ');

-- --------------------------------------------------------

--
-- Tabellenstruktur für Tabelle `configuration_storage`
--

CREATE TABLE `configuration_storage` (
  `key` varchar(255) NOT NULL DEFAULT '',
  `value` text,
  `last_modified` timestamp NOT NULL DEFAULT CURRENT_TIMESTAMP ON UPDATE CURRENT_TIMESTAMP
) ENGINE=InnoDB DEFAULT CHARSET=utf8;

--
-- Daten für Tabelle `configuration_storage`
--

INSERT INTO `configuration_storage` (`key`, `value`) VALUES
('error_pages/customPageNotFound', 'true'),
('error_pages/errorHtml', '{\n	  \"DE\": \"<center><b>Leider ist ein unerwarteter Fehler aufgetreten.</b></center>\",\n	  \"EN\": \"<center><b>Unfortunately an unexpected error occurred.</b></center>\"\n  }'),
('error_pages/notFoundHtml', '{\n	  \"DE\": \"<center><b>Die aufgerufene Seite konnte nicht gefunden werden.</b></center>\",\n	  \"EN\": \"<center><b>The requested page could not be found.</center>\"\n  }'),
('error_pages/userFriendlyErrorHandling', 'true'),
('main_components/gambio/content_manager/installed/Malibu', '1'),
('modules/admin/responsivefilemanager/use_in_attribute_pages', '1'),
('modules/admin/responsivefilemanager/use_in_banner_manager_pages', '1'),
('modules/admin/responsivefilemanager/use_in_ckeditor', '1'),
('modules/admin/responsivefilemanager/use_in_content_manager_pages', '1'),
('modules/admin/responsivefilemanager/use_in_email_pages', '1'),
('modules/admin/responsivefilemanager/use_in_manufacturer_pages', '1'),
('modules/admin/responsivefilemanager/use_in_product_and_category_pages', '1'),
('modules/admin/responsivefilemanager/use_in_shipping_status_pages', '1'),
('modules/gambio/styleedit/expertMode/1', '1'),
('modules/gambio/styleedit/jwt-secret/secret', '2020/05/06 14:00'),
('modules/gambio/styleedit/welcomed/1', '1'),
('modules/GambioDirectHelp/active', '1'),
('modules/GambioOvisto/active', '0'),
('modules/GambioSunnyCash/active', '0');

-- --------------------------------------------------------

--
-- Tabellenstruktur für Tabelle `gm_configuration`
--

CREATE TABLE `gm_configuration` (
  `gm_configuration_id` int NOT NULL,
  `gm_key` varchar(255) NOT NULL DEFAULT '',
  `gm_value` mediumtext NOT NULL,
  `gm_group_id` int NOT NULL DEFAULT '0',
  `gm_sort_order` int NOT NULL DEFAULT '0'
) ENGINE=InnoDB DEFAULT CHARSET=utf8;

--
-- Daten für Tabelle `gm_configuration`
--

INSERT INTO `gm_configuration` (`gm_configuration_id`, `gm_key`, `gm_value`, `gm_group_id`, `gm_sort_order`) VALUES
(1, 'ATTACH_CONDITIONS_OF_USE_IN_ORDER_CONFIRMATION', '1', 0, 0),
(2, 'ATTACH_PRIVACY_NOTICE_IN_ORDER_CONFIRMATION', '1', 0, 0),
(3, 'ATTACH_WITHDRAWAL_FORM_IN_ORDER_CONFIRMATION', '1', 0, 0),
(4, 'ATTACH_WITHDRAWAL_INFO_IN_ORDER_CONFIRMATION', '1', 0, 0),
(5, 'CAT_MENU_CLASSIC', 'false', 0, 0),
(6, 'CAT_MENU_LEFT', 'false', 0, 0),
(7, 'CAT_MENU_TOP', 'true', 0, 0),
(8, 'CATEGORY_ACCORDION_EFFECT', 'false', 0, 0),
(9, 'CATEGORY_DISPLAY_SHOW_ALL_LINK', 'false', 0, 0),
(10, 'CATEGORY_UNFOLD_LEVEL', '0', 0, 0),
(11, 'CATEGORY_TOP_SHOW_LEVEL', '2', 0, 0),
(12, 'CUSTOMIZER_POSITION', '1', 0, 0),
(13, 'DISPLAY_TAX', '1', 0, 0),
(14, 'EKOMI_API_ID', '', 0, 0),
(15, 'EKOMI_API_PASSWORD', '', 0, 0),
(16, 'EKOMI_STATUS', '0', 0, 0),
(17, 'EKOMI_WIDGET_CODE', '', 0, 0),
(18, 'ENABLE_RATING', 'true', 0, 0),
(19, 'FEATURE_DISPLAY_MODE', '0', 0, 0),
(20, 'FEATURE_EMPTY_BOX_MODE', '0', 0, 0),
(21, 'FEATURE_MODE', '0', 0, 0),
(22, 'GLOBAL_FILTER', '0', 0, 0),
(23, 'GM_ANALYTICS_CODE', '', 0, 0),
(24, 'GM_ANALYTICS_CODE_USE', '0', 0, 0),
(25, 'GM_AUTO_SHIPPING_STATUS', 'true', 0, 0),
(26, 'GM_CALLBACK_SERVICE_VVCODE', 'true', 0, 0),
(27, 'GM_CAPTCHA_TYPE', 'standard', 0, 0),
(28, 'GM_CART_ON_TOP', 'true', 0, 0),
(29, 'GM_CAT_HOVER', '#b3ccdd', 0, 0),
(30, 'GM_CHECK_CONDITIONS', '0', 0, 0),
(31, 'GM_CHECK_PRIVACY_ACCOUNT_ADDRESS_BOOK', '1', 0, 0),
(32, 'GM_CHECK_PRIVACY_ACCOUNT_CONTACT', '1', 0, 0),
(33, 'GM_CHECK_PRIVACY_ACCOUNT_NEWSLETTER', '1', 0, 0),
(34, 'GM_CHECK_PRIVACY_CALLBACK', '1', 0, 0),
(35, 'GM_CHECK_PRIVACY_CHECKOUT_PAYMENT', '1', 0, 0),
(36, 'GM_CHECK_PRIVACY_CHECKOUT_SHIPPING', '1', 0, 0),
(37, 'GM_CHECK_PRIVACY_CONTACT', '1', 0, 0),
(38, 'GM_CHECK_PRIVACY_FOUND_CHEAPER', '1', 0, 0),
(39, 'GM_CHECK_PRIVACY_ORDER', '0', 0, 0),
(40, 'GM_CHECK_PRIVACY_REVIEWS', '1', 0, 0),
(41, 'GM_CHECK_PRIVACY_TELL_A_FRIEND', '1', 0, 0),
(42, 'GM_CHECK_WITHDRAWAL', '0', 0, 0),
(43, 'GM_COOKIE_STATUS', 'false', 0, 0),
(44, 'GM_COOKIE_POSITION', 'top', 0, 0),
(45, 'GM_COOKIE_COLOR', '#ffffff', 0, 0),
(46, 'GM_COOKIE_TRANSPARENCY', '1', 0, 0),
(47, 'GM_COOKIE_CLOSE_ICON', 'false', 0, 0),
(48, 'GM_COOKIE_BUTTON_TEXT_COLOR', '#ffffff', 0, 0),
(49, 'GM_COOKIE_BUTTON_COLOR', '#002337', 0, 0),
(50, 'GM_CONFIRM_IP', '1', 0, 0),
(51, 'GM_CONTACT_VVCODE', 'true', 0, 0),
(52, 'GM_COUNTER_IP_BARRIER', '86400', 0, 0),
(53, 'GM_FORGOT_PASSWORD_VVCODE', 'true', 0, 0),
(54, 'GM_GAMBIO_CORNER', '1', 0, 0),
(55, 'GM_GMOTION_STANDARD_AUTO_WIDTH', '1', 0, 0),
(56, 'GM_GMOTION_STANDARD_DURATION', '10', 0, 0),
(57, 'GM_GMOTION_STANDARD_HEIGHT', '200', 0, 0),
(58, 'GM_GMOTION_STANDARD_LIGHTBOX', '1', 0, 0),
(59, 'GM_GMOTION_STANDARD_LIGHTBOX_HEIGHT', '400', 0, 0),
(60, 'GM_GMOTION_STANDARD_LIGHTBOX_WIDTH', '700', 0, 0),
(61, 'GM_GMOTION_STANDARD_LIGHTBOX_ZOOM_FROM', '1', 0, 0),
(62, 'GM_GMOTION_STANDARD_LIGHTBOX_ZOOM_TO', '1', 0, 0),
(63, 'GM_GMOTION_STANDARD_POSITION', '3', 0, 0),
(64, 'GM_GMOTION_STANDARD_POSITION_FROM', '0% 50%', 0, 0),
(65, 'GM_GMOTION_STANDARD_POSITION_TO', '100% 50%', 0, 0),
(66, 'GM_GMOTION_STANDARD_WIDTH', '351', 0, 0),
(67, 'GM_GMOTION_STANDARD_ZOOM_FROM', '1', 0, 0),
(68, 'GM_GMOTION_STANDARD_ZOOM_TO', '1', 0, 0),
(69, 'GM_GPRINT_ALLOWED_FILE_EXTENSIONS', 'jpg,png,gif,jpeg', 0, 0),
(70, 'GM_GPRINT_AUTO_WIDTH', '1', 0, 0),
(71, 'GM_GPRINT_CHARACTER_LENGTH', '0', 0, 0),
(72, 'GM_GPRINT_EXCLUDE_SPACES', '1', 0, 0),
(73, 'GM_GPRINT_SHOW_TABS', '1', 0, 0),
(74, 'GM_GPRINT_UPLOADS_PER_IP', '0', 0, 0),
(75, 'GM_GPRINT_UPLOADS_PER_IP_INTERVAL', '60', 0, 0),
(76, 'GM_HIDE_ATTR_OUT_OF_STOCK', '0', 0, 0),
(77, 'GM_INVOICE_ID', 'R_{INVOICE_ID}_2020', 0, 0),
(78, 'GM_LIGHTBOX_CART', 'false', 0, 0),
(79, 'GM_LIGHTBOX_CHECKOUT', 'false', 0, 0),
(80, 'GM_LIGHTBOX_CREATE_ACCOUNT', 'false', 0, 0),
(81, 'GM_LOG_IP', '0', 0, 0),
(82, 'GM_LOGIN_TIMELINE', '20', 0, 0),
(83, 'GM_LOGIN_TIMEOUT', '20', 0, 0),
(84, 'GM_LOGIN_TRYOUT', '2', 0, 0),
(85, 'GM_LOGO_CAT', 'item_ltr.gif', 0, 0),
(86, 'GM_LOGO_CAT_SIZE_H', '13', 0, 0),
(87, 'GM_LOGO_CAT_SIZE_W', '5', 0, 0),
(88, 'GM_LOGO_CAT_USE', '1', 0, 0),
(89, 'GM_LOGO_FAVICON', 'favicon.ico', 0, 0),
(90, 'GM_LOGO_FAVICON_IPAD', 'favicon.png', 0, 0),
(91, 'GM_LOGO_FAVICON_IPAD_USE', '0', 0, 0),
(92, 'GM_LOGO_FAVICON_USE', '1', 0, 0),
(93, 'GM_LOGO_FLASH', '', 0, 0),
(94, 'GM_LOGO_FLASH_SIZE_H', '600', 0, 0),
(95, 'GM_LOGO_FLASH_SIZE_W', '160', 0, 0),
(96, 'GM_LOGO_FLASH_USE', '0', 0, 0),
(97, 'GM_LOGO_MAIL', 'email_logo.gif', 0, 0),
(98, 'GM_LOGO_MAIL_USE', '1', 0, 0),
(99, 'GM_LOGO_OVERLAY', 'overlay.gif', 0, 0),
(100, 'GM_LOGO_OVERLAY_USE', '0', 0, 0),
(101, 'GM_LOGO_PDF', 'pdf_logo.gif', 0, 0),
(102, 'GM_LOGO_PDF_USE', '1', 0, 0),
(103, 'GM_LOGO_SHOP', 'gx4_shop_logo.svg', 0, 0),
(104, 'GM_LOGO_SHOP_SIZE_H', '96', 0, 0),
(105, 'GM_LOGO_SHOP_SIZE_W', '142', 0, 0),
(106, 'GM_LOGO_SHOP_USE', '1', 0, 0),
(107, 'GM_NEW_PRODUCTS_STARTPAGE', '3', 0, 0),
(108, 'GM_NEWSLETTER_VVCODE', 'true', 0, 0),
(109, 'GM_NEXT_INVOICE_ID', '1', 0, 0),
(110, 'GM_NEXT_PACKINGS_ID', '1', 0, 0),
(111, 'GM_ORDER_STATUS_CANCEL_ID', '99', 0, 0),
(112, 'GM_ORDER_STATUS_INVOICE_CREATED_ID', '149', 0, 0),
(113, 'GM_PACKINGS_ID', 'L_{DELIVERY_ID}_2020', 0, 0),
(114, 'GM_PASSWORD_ENCRYPTION_TYPE', 'password_hash', 0, 0),
(115, 'GM_PASSWORD_REENCRYPT', 'true', 0, 0),
(116, 'GM_PDF_ALLOW_COPYING', '1', 0, 0),
(117, 'GM_PDF_ALLOW_MODIFYING', '1', 0, 0),
(118, 'GM_PDF_ALLOW_NOTIFYING', '1', 0, 0),
(119, 'GM_PDF_BOTTOM_MARGIN', '10', 0, 0),
(120, 'GM_PDF_CANCEL_FONT_COLOR', '#000000', 0, 0),
(121, 'GM_PDF_CANCEL_FONT_FACE', 'freesans', 0, 0),
(122, 'GM_PDF_CANCEL_FONT_SIZE', '11', 0, 0),
(123, 'GM_PDF_CANCEL_FONT_STYLE', 'b', 0, 0),
(124, 'GM_PDF_CELL_HEIGHT', '5', 0, 0),
(125, 'GM_PDF_COMPANY_ADRESS_LEFT', '', 0, 0),
(126, 'GM_PDF_COMPANY_ADRESS_RIGHT', '', 0, 0),
(127, 'GM_PDF_COMPANY_LEFT_FONT_COLOR', '#000000', 0, 0),
(128, 'GM_PDF_COMPANY_LEFT_FONT_FACE', 'freesans', 0, 0),
(129, 'GM_PDF_COMPANY_LEFT_FONT_SIZE', '9', 0, 0),
(130, 'GM_PDF_COMPANY_LEFT_FONT_STYLE', 'u', 0, 0),
(131, 'GM_PDF_COMPANY_RIGHT_FONT_COLOR', '#000000', 0, 0),
(132, 'GM_PDF_COMPANY_RIGHT_FONT_FACE', 'freesans', 0, 0),
(133, 'GM_PDF_COMPANY_RIGHT_FONT_SIZE', '11', 0, 0),
(134, 'GM_PDF_COMPANY_RIGHT_FONT_STYLE', '', 0, 0),
(135, 'GM_PDF_CONDITIONS', '', 0, 0),
(136, 'GM_PDF_CONDITIONS_FONT_COLOR', '#000000', 0, 0),
(137, 'GM_PDF_CONDITIONS_FONT_FACE', 'freesans', 0, 0),
(138, 'GM_PDF_CONDITIONS_FONT_SIZE', '11', 0, 0),
(139, 'GM_PDF_CONDITIONS_FONT_STYLE', '', 0, 0),
(140, 'GM_PDF_CUSTOMER_ADR_POS', '50', 0, 0),
(141, 'GM_PDF_CUSTOMER_FONT_COLOR', '#000000', 0, 0),
(142, 'GM_PDF_CUSTOMER_FONT_FACE', 'freesans', 0, 0),
(143, 'GM_PDF_CUSTOMER_FONT_SIZE', '11', 0, 0),
(144, 'GM_PDF_CUSTOMER_FONT_STYLE', '', 0, 0),
(145, 'GM_PDF_DEFAULT_FONT_COLOR', '#000000', 0, 0),
(146, 'GM_PDF_DEFAULT_FONT_FACE', 'freesans', 0, 0),
(147, 'GM_PDF_DEFAULT_FONT_SIZE', '11', 0, 0),
(148, 'GM_PDF_DEFAULT_FONT_STYLE', 'b', 0, 0),
(149, 'GM_PDF_DISPLAY_LAYOUT', 'continuous', 0, 0),
(150, 'GM_PDF_DISPLAY_OUTPUT', 'I', 0, 0),
(151, 'GM_PDF_DISPLAY_ZOOM', 'real', 0, 0),
(152, 'GM_PDF_DRAW_COLOR', '#0065AC', 0, 0),
(153, 'GM_PDF_FIX_HEADER', '1', 0, 0),
(154, 'GM_PDF_FOOTER_CELL_1', '', 0, 0),
(155, 'GM_PDF_FOOTER_CELL_2', '', 0, 0),
(156, 'GM_PDF_FOOTER_CELL_3', '', 0, 0),
(157, 'GM_PDF_FOOTER_CELL_4', '', 0, 0),
(158, 'GM_PDF_FOOTER_FONT_COLOR', '#000000', 0, 0),
(159, 'GM_PDF_FOOTER_FONT_FACE', 'freesans', 0, 0),
(160, 'GM_PDF_FOOTER_FONT_SIZE', '10', 0, 0),
(161, 'GM_PDF_FOOTER_FONT_STYLE', '', 0, 0),
(162, 'GM_PDF_HEADING_CONDITIONS', '', 0, 0),
(163, 'GM_PDF_HEADING_CONDITIONS_FONT_COLOR', '#000000', 0, 0),
(164, 'GM_PDF_HEADING_CONDITIONS_FONT_FACE', 'freesans', 0, 0),
(165, 'GM_PDF_HEADING_CONDITIONS_FONT_SIZE', '11', 0, 0),
(166, 'GM_PDF_HEADING_CONDITIONS_FONT_STYLE', 'b', 0, 0),
(167, 'GM_PDF_HEADING_FONT_COLOR', '#000000', 0, 0),
(168, 'GM_PDF_HEADING_FONT_FACE', 'freesans', 0, 0),
(169, 'GM_PDF_HEADING_FONT_SIZE', '11', 0, 0),
(170, 'GM_PDF_HEADING_FONT_STYLE', 'b', 0, 0),
(171, 'GM_PDF_HEADING_INFO_TEXT_INVOICE', '', 0, 0),
(172, 'GM_PDF_HEADING_INFO_TEXT_PACKINGSLIP', '', 0, 0),
(173, 'GM_PDF_HEADING_INVOICE', '', 0, 0),
(174, 'GM_PDF_HEADING_MARGIN_BOTTOM', '15', 0, 0),
(175, 'GM_PDF_HEADING_MARGIN_TOP', '15', 0, 0),
(176, 'GM_PDF_HEADING_ORDER_FONT_COLOR', '#000000', 0, 0),
(177, 'GM_PDF_HEADING_ORDER_FONT_FACE', 'freesans', 0, 0),
(178, 'GM_PDF_HEADING_ORDER_FONT_SIZE', '10', 0, 0),
(179, 'GM_PDF_HEADING_ORDER_FONT_STYLE', 'b', 0, 0),
(180, 'GM_PDF_HEADING_ORDER_INFO_FONT_COLOR', '#000000', 0, 0),
(181, 'GM_PDF_HEADING_ORDER_INFO_FONT_FACE', 'freesans', 0, 0),
(182, 'GM_PDF_HEADING_ORDER_INFO_FONT_SIZE', '11', 0, 0),
(183, 'GM_PDF_HEADING_ORDER_INFO_FONT_STYLE', 'b', 0, 0),
(184, 'GM_PDF_HEADING_PACKINGSLIP', '', 0, 0),
(185, 'GM_PDF_HEADING_WITHDRAWAL', '', 0, 0),
(186, 'GM_PDF_INFO_TEXT_INVOICE', '', 0, 0),
(187, 'GM_PDF_INFO_TEXT_PACKINGSLIP', '', 0, 0),
(188, 'GM_PDF_INFO_TITLE_INVOICE', '', 0, 0),
(189, 'GM_PDF_INFO_TITLE_PACKINGSLIP', '', 0, 0),
(190, 'GM_PDF_INVOICE_USE_CURRENT_DATE', '1', 0, 0),
(191, 'GM_PDF_INVOICE_DATE', '', 0, 0),
(192, 'GM_PDF_LEFT_MARGIN', '10', 0, 0),
(193, 'GM_PDF_LOGO_SRC', 'pdf_logo.gif', 0, 0),
(194, 'GM_PDF_ORDER_FONT_COLOR', '#000000', 0, 0),
(195, 'GM_PDF_ORDER_FONT_FACE', 'freesans', 0, 0),
(196, 'GM_PDF_ORDER_FONT_SIZE', '10', 0, 0),
(197, 'GM_PDF_ORDER_FONT_STYLE', '', 0, 0),
(198, 'GM_PDF_ORDER_INFO_FONT_COLOR', '#000000', 0, 0),
(199, 'GM_PDF_ORDER_INFO_FONT_FACE', 'freesans', 0, 0),
(200, 'GM_PDF_ORDER_INFO_FONT_SIZE', '11', 0, 0),
(201, 'GM_PDF_ORDER_INFO_FONT_STYLE', '', 0, 0),
(202, 'GM_PDF_ORDER_INFO_MARGIN_TOP', '30', 0, 0),
(203, 'GM_PDF_ORDER_STATUS_INVOICE', '149', 0, 0),
(204, 'GM_PDF_ORDER_STATUS_INVOICE_MAIL', '149', 0, 0),
(205, 'GM_PDF_ORDER_TOTAL_FONT_COLOR', '#000000', 0, 0),
(206, 'GM_PDF_ORDER_TOTAL_FONT_FACE', 'freesans', 0, 0),
(207, 'GM_PDF_ORDER_TOTAL_FONT_SIZE', '11', 0, 0),
(208, 'GM_PDF_ORDER_TOTAL_FONT_STYLE', '', 0, 0),
(209, 'GM_PDF_PACKING_SLIP_USE_CURRENT_DATE', '1', 0, 0),
(210, 'GM_PDF_PACKING_SLIP_DATE', '', 0, 0),
(211, 'GM_PDF_RIGHT_MARGIN', '10', 0, 0),
(212, 'GM_PDF_TOP_MARGIN', '10', 0, 0),
(213, 'GM_PDF_MAX_AMOUNT_INVOICES_BULK_PDF', '100', 0, 0),
(214, 'GM_PDF_MAX_AMOUNT_PACKING_SLIPS_BULK_PDF', '100', 0, 0),
(215, 'GM_PDF_USE_CONDITIONS', '1', 0, 0),
(216, 'GM_PDF_USE_CUSTOMER_CODE', '1', 0, 0),
(217, 'GM_PDF_USE_CUSTOMER_COMMENT', '1', 0, 0),
(218, 'GM_PDF_USE_DATE', '1', 0, 0),
(219, 'GM_PDF_USE_FOOTER', '1', 0, 0),
(220, 'GM_PDF_USE_HEADER', '1', 0, 0),
(221, 'GM_PDF_USE_INFO', '1', 0, 0),
(222, 'GM_PDF_USE_INFO_TEXT', '1', 0, 0),
(223, 'GM_PDF_USE_INVOICE_CODE', '1', 0, 0),
(224, 'GM_PDF_USE_ORDER_CODE', '1', 0, 0),
(225, 'GM_PDF_USE_ORDER_DATE', '1', 0, 0),
(226, 'GM_PDF_USE_PACKING_CODE', '1', 0, 0),
(227, 'GM_PDF_USE_PRODUCTS_MODEL', '1', 0, 0),
(228, 'GM_PDF_USE_WITHDRAWAL', '1', 0, 0),
(229, 'GM_PDF_WITHDRAWAL', '', 0, 0),
(230, 'GM_PRICE_OFFER_VVCODE', 'true', 0, 0),
(231, 'GM_QUICK_SEARCH', 'true', 0, 0),
(232, 'GM_RECAPTCHA_PRIVATE_KEY', '', 0, 0),
(233, 'GM_RECAPTCHA_PUBLIC_KEY', '', 0, 0),
(234, 'GM_REVIEWS_VVCODE', 'true', 0, 0),
(235, 'GM_SEARCH_TIMELINE', '20', 0, 0),
(236, 'GM_SEARCH_TIMEOUT', '20', 0, 0),
(237, 'GM_SEARCH_TRYOUT', '2', 0, 0),
(238, 'GM_SEO_BOOST_CATEGORIES', '', 0, 0),
(239, 'GM_SEO_BOOST_CONTENT', '', 0, 0),
(240, 'GM_SEO_BOOST_PRODUCTS', '', 0, 0),
(241, 'GM_SEO_BOOST_SHORT_URLS', 'false', 0, 0),
(242, 'GM_SET_OUT_OF_STOCK_PRODUCTS_INACTIVE', '0', 0, 0),
(243, 'GM_SHOP_OFFLINE', '', 0, 0),
(244, 'GM_SHOP_OFFLINE_MSG', '<p><font face=\"Arial\" size=\"2\">Unser Shop ist aufgrund von Wartungsarbeiten im Moment nicht erreichbar.<br />\r\n</font><font face=\"Arial\" size=\"2\">Bitte besuchen Sie uns zu einem späteren Zeitpunkt noch einmal.</font><br />\r\n<br />\r\n<br />\r\n<br />\r\n<br />\r\n<br />\r\n<br />\r\n<br />\r\n<br />\r\n<a href=\"login_admin.php\"><font color=\"#808080\">Login</font></a></p>', 0, 0),
(245, 'GM_SHOW_ATTRIBUTES_STOCK', '0', 0, 0),
(246, 'GM_SHOW_CONDITIONS', '1', 0, 0),
(247, 'GM_SHOW_CONDITIONS_CONFIRMATION', '1', 0, 0),
(248, 'GM_SHOW_FLYOVER', '1', 0, 0),
(249, 'GM_SHOW_IP', '0', 0, 0),
(250, 'GM_SHOW_PRIVACY_CONFIRMATION', '1', 0, 0),
(251, 'GM_SHOW_PRIVACY_ORDER', '0', 0, 0),
(252, 'GM_SHOW_PRIVACY_REGISTRATION', '1', 0, 0),
(253, 'GM_SHOW_PRIVACY_WITHDRAWAL_WEB_FORM', '1', 0, 0),
(254, 'GM_SHOW_PRIVACY_GV_SEND', '1', 0, 0),
(255, 'GM_SHOW_WISHLIST', 'true', 0, 0),
(256, 'GM_SHOW_WITHDRAWAL', '1', 0, 0),
(257, 'GM_SHOW_WITHDRAWAL_CONFIRMATION', '1', 0, 0),
(258, 'GM_SITEMAP_GOOGLE_CHANGEFREQ', 'weekly', 0, 0),
(259, 'GM_SITEMAP_GOOGLE_PRIORITY', '0.5', 0, 0),
(260, 'GM_SPECIALS_STARTPAGE', '6', 0, 0),
(261, 'GM_STARTPAGE_HOVER', '#b3ccdd', 0, 0),
(262, 'GM_STAT_PLOT_HEIGHT', '480', 0, 0),
(263, 'GM_STAT_PLOT_WIDTH', '640', 0, 0),
(264, 'GM_TELL_A_FRIEND', 'false', 0, 0),
(265, 'GM_TELL_A_FRIEND_VVCODE', 'true', 0, 0),
(266, 'GM_TEMPLATE_NAME', 'xtc4', 0, 0),
(267, 'GM_TITLE_SHOW_STANDARD_META_TITLE', 'before', 0, 0),
(268, 'GM_TITLE_USE_STANDARD_META_TITLE', '1', 0, 0),
(269, 'GM_TOPMENU_MODE', 'mode1', 0, 0),
(270, 'GM_UNDERLINE_LINKS', 'true', 0, 0),
(271, 'GM_WITHDRAWAL_CONTENT_ID', '3889895', 0, 0),
(272, 'GM_WITHDRAWAL_CONTENT_ID_BACKUP', '9', 0, 0),
(273, 'GOOGLE_TAXONOMY_FILE_PATH', 'http://www.google.com/basepages/producttype/taxonomy.de-DE.txt', 0, 0),
(274, 'LANGUAGE_PHRASE_CACHE_PRIORITIES', 'original_sections,theme_sections,module_sections,user_sections,language_phrases_edited', 0, 0),
(275, 'MAIL_TEMPLATES_CACHE_PRIORITIES', 'original_mail_templates,user_mail_templates,email_templates_edited', 0, 0),
(276, 'MAIN_SHOW_ATTRIBUTES', 'false', 0, 0),
(277, 'MAIN_SHOW_GRADUATED_PRICES', 'false', 0, 0),
(278, 'MAIN_SHOW_QTY', 'true', 0, 0),
(279, 'MAIN_SHOW_QTY_INFO', 'false', 0, 0),
(280, 'MAIN_VIEW_MODE_TILED', 'false', 0, 0),
(281, 'NUMBER_OF_CUSTOMERS_PER_PAGE', '20', 0, 0),
(282, 'NUMBER_OF_ORDERS_PER_PAGE', '20', 0, 0),
(283, 'NUMBER_OF_PRODUCTS_PER_PAGE', '20', 0, 0),
(284, 'PERSISTENT_GLOBAL_FILTER', '0', 0, 0),
(285, 'POPUP_NOTIFICATION_STATUS', '0', 0, 0),
(286, 'PRICE_FILTER_FROM_ACTIVE', 'true', 0, 0),
(287, 'PRICE_FILTER_TO_ACTIVE', 'true', 0, 0),
(288, 'SECURE_TOKEN', '22ed710846f25783f4ce56a0a8817e36', 0, 0),
(289, 'SHIPPING_INFOS_BACKUP', '1', 0, 0),
(290, 'SHOW_ACCOUNT_WITHDRAWAL_LINK', '0', 0, 0),
(291, 'SHOW_ADDITIONAL_FIELDS_PRODUCT_DETAILS', 'true', 0, 0),
(292, 'SHOW_FACEBOOK', 'false', 0, 0),
(293, 'SHOW_WHATSAPP', 'false', 0, 0),
(294, 'SHOW_FOOTER', 'false', 0, 0),
(295, 'SHOW_GALLERY', 'true', 0, 0),
(296, 'SHOW_MANUFACTURER_IMAGE_LISTING', 'true', 0, 0),
(297, 'SHOW_MANUFACTURER_IMAGE_PRODUCT_DETAILS', 'true', 0, 0),
(298, 'SHOW_OLD_DISCOUNT_PRICE', '1', 0, 0),
(299, 'SHOW_OLD_GROUP_PRICE', '0', 0, 0),
(300, 'SHOW_OLD_SPECIAL_PRICE', '0', 0, 0),
(301, 'SHOW_PINTEREST', 'false', 0, 0),
(302, 'SHOW_PRINT', 'false', 0, 0),
(303, 'SHOW_PRODUCTS_COUNT', 'false', 0, 0),
(304, 'SHOW_PRODUCT_RIBBONS', 'true', 0, 0),
(305, 'SHOW_RATING_IN_GRID_AND_LISTING', 'true', 0, 0),
(306, 'SHOW_SUBCATEGORIES', 'true', 0, 0),
(307, 'SHOW_TOP_COUNTRY_SELECTION', 'true', 0, 0),
(308, 'SHOW_TOP_CURRENCY_SELECTION', 'false', 0, 0),
(309, 'SHOW_TWITTER', 'false', 0, 0),
(310, 'SHOW_ZOOM', 'true', 0, 0),
(311, 'STARTPAGE_FILTER_ACTIVE', '0', 0, 0),
(312, 'SUPPRESS_INDEX_IN_URL', 'true', 0, 0),
(313, 'TAX_INFO_TAX_FREE', 'false', 0, 0),
(314, 'TOPBAR_NOTIFICATION_COLOR', '#ffffff', 0, 0),
(315, 'TOPBAR_NOTIFICATION_MODE', 'hideable', 0, 0),
(316, 'TOPBAR_NOTIFICATION_STATUS', '0', 0, 0),
(317, 'TRUNCATE_FLYOVER', '35', 0, 0),
(318, 'TRUNCATE_FLYOVER_TEXT', '150', 0, 0),
(319, 'TRUNCATE_PRODUCTS_HISTORY', '16', 0, 0),
(320, 'TRUNCATE_PRODUCTS_NAME', '40', 0, 0),
(321, 'TRUSTED_SHOP_ID', '', 0, 0),
(322, 'UPLOAD_CONTENT_EXTENSIONS', 'html,htm,xhtml,xml,txt,js,pdf', 0, 0),
(323, 'USE_SEO_BOOST_LANGUAGE_CODE', '', 0, 0),
(324, 'WITHDRAWAL_PDF_ACTIVE', '1', 0, 0),
(325, 'WITHDRAWAL_WEBFORM_ACTIVE', '0', 0, 0),
(326, 'ALWAYS_SHOW_CONTINUE_SHOPPING_BUTTON', '0', 0, 0),
(327, 'USE_UPCOMING_PRODUCT_SWIPER_ON_INDEX', 'true', 0, 0),
(328, 'USE_TOP_PRODUCT_SWIPER_ON_INDEX', 'true', 0, 0),
(329, 'USE_SPECIAL_PRODUCT_SWIPER_ON_INDEX', 'false', 0, 0),
(330, 'USE_NEW_PRODUCT_SWIPER_ON_INDEX', 'true', 0, 0),
(331, 'PRIVACY_CHECKBOX_REGISTRATION', '0', 0, 0),
(332, 'PRIVACY_CHECKBOX_CALLBACK', '0', 0, 0),
(333, 'PRIVACY_CHECKBOX_CONTACT', '0', 0, 0),
(334, 'PRIVACY_CHECKBOX_ASK_PRODUCT_QUESTION', '0', 0, 0),
(335, 'PRIVACY_CHECKBOX_FOUND_CHEAPER', '0', 0, 0),
(336, 'PRIVACY_CHECKBOX_REVIEWS', '0', 0, 0),
(337, 'PRIVACY_CHECKBOX_ACCOUNT_EDIT', '0', 0, 0),
(338, 'PRIVACY_CHECKBOX_ADDRESS_BOOK', '0', 0, 0),
(339, 'PRIVACY_CHECKBOX_NEWSLETTER', '0', 0, 0),
(340, 'PRIVACY_CHECKBOX_CHECKOUT_SHIPPING', '0', 0, 0),
(341, 'PRIVACY_CHECKBOX_CHECKOUT_PAYMENT', '0', 0, 0),
(342, 'PRIVACY_CHECKBOX_WITHDRAWAL_WEB_FORM', '0', 0, 0),
(343, 'PRIVACY_CHECKBOX_GV_SEND', '0', 0, 0),
(344, 'DATA_TRANSFER_TO_TRANSPORT_COMPANIES_STATUS', '0', 0, 0),
(345, 'DATA_TRANSFER_TO_TRANSPORT_COMPANIES_REQUIRED', '0', 0, 0),
(346, 'DATA_TRANSFER_TO_TRANSPORT_COMPANIES_SETTINGS', 'a:0:{}', 0, 0),
(347, 'USE_SMALLER_IMAGES_FOR_PRODUCTS', 'false', 0, 0),
(348, 'GRADUATED_ASSIGN', '1', 0, 0),
(349, 'LAST_NEW_SHOP_URL_NOTIFY', '0', 0, 0),
(350, 'GM_RECOMMENDED_PRODUCTS_STARTPAGE', '10', 0, 0),
(351, 'MODULE_CENTER_RESPONSIVEFILEMANAGER_INSTALLED', '1', 0, 0),
(352, 'SHOW_ABANDONMENT_OF_WITHDRAWL_DOWNLOAD', '1', 0, 0),
(353, 'SHOW_ABANDONMENT_OF_WITHDRAWL_SERVICE', '1', 0, 0),
(354, 'CHECK_ABANDONMENT_OF_WITHDRAWL_DOWNLOAD', '0', 0, 0),
(355, 'CHECK_ABANDONMENT_OF_WITHDRAWL_SERVICE', '0', 0, 0),
(356, 'MODULE_CENTER_GAMBIOSUNNYCASH_INSTALLED', '0', 0, 0),
(357, 'GM_CREATE_ACCOUNT_VVCODE', 'false', 0, 0),
(358, 'PRODUCT_REVIEW_NAME', 'short_nothing', 0, 0),
(359, 'LOG_IP_CALLBACK', '0', 0, 0),
(360, 'LOG_IP_CONTACT', '0', 0, 0),
(361, 'LOG_IP_TELL_A_FRIEND', '0', 0, 0),
(362, 'LOG_IP_FOUND_CHEAPER', '0', 0, 0),
(363, 'LOG_IP_REVIEWS', '0', 0, 0),
(364, 'LOG_IP_ACCOUNT_CONTACT', '0', 0, 0),
(365, 'LOG_IP_ACCOUNT_ADDRESS_BOOK', '0', 0, 0),
(366, 'LOG_IP_ACCOUNT_NEWSLETTER', '0', 0, 0),
(367, 'LOG_IP_WITHDRAWAL_WEB_FORM', '0', 0, 0),
(368, 'LOG_IP_GV_SEND', '0', 0, 0),
(369, 'LOG_IP_SHIPPING', '0', 0, 0),
(370, 'LOG_IP_ORDER_SHIPPING_ADDRESS', '0', 0, 0),
(371, 'LOG_IP_ORDER_PAYMENT_ADDRESS', '0', 0, 0),
(372, 'SHOW_PRODUCTS_MODEL_IN_SHOPPING_CART_AND_WISHLIST', 'false', 0, 0),
(373, 'SHOW_PRODUCTS_MODEL_IN_PRODUCT_DETAILS', 'true', 0, 0),
(374, 'SHOW_PRODUCTS_MODEL_IN_PRODUCT_LISTS', 'false', 0, 0),
(375, 'SHOW_RATING_AS_TAB', 'false', 0, 0),
(376, 'CATEGORY_UNFOLD_DEFAULT_LEVEL', '10', 0, 0),
(377, 'MODULE_CENTER_GAMBIODIRECTHELP_INSTALLED', '1', 0, 0),
(378, 'GALLERY_LIGHTBOX', 'false', 0, 0),
(379, 'ENABLE_JS_HYPHENATION', 'false', 0, 0),
(380, 'ENABLE_LIVE_SEARCH', 'true', 0, 0),
(381, 'PDF_FOOTER_REPLACE_COLUMN', 'null', 0, 0),
(382, 'AUTO_UPDATER_UPDATES_URL', 'https://updates.gambio-support.de/v2/check.php', 0, 0),
(383, 'AUTO_UPDATER_FEEDBACK_URL', 'https://updates.gambio-support.de/v2/callingHome.php', 0, 0),
(384, 'AUTO_UPDATER_ACCEPT_DATA_PROCESSING', 'false', 0, 0),
(385, 'GAMBIO_STORE_URL', 'https://store.gambio.com/a', 0, 0),
(386, 'GAMBIO_STORE_IS_REGISTERED', 'false', 0, 0),
(387, 'GAMBIO_STORE_TOKEN', '', 0, 0),
(388, 'GAMBIO_HUB_CLIENT_KEY', '', 0, 0),
(389, 'GAMBIO_HUB_MONEY_ORDER_PAY_TO', '', 0, 0),
(390, 'GAMBIO_HUB_ALLOW_REST_ACTIONS', '0', 0, 0),
(391, 'GAMBIO_HUB_CURL_TIMEOUT', '30', 0, 0),
(392, 'GAMBIO_HUB_PHRASES_URL', 'https://core-api.gambiohub.com/trust/hub_phrases.json', 0, 0),
(395, 'GM_FOOTER', '<a href=\"https://www.gambio.com\" rel=\"noopener\" target=\"_blank\">Shopping Cart Software</a> by Gambio.com &copy; 2020', 0, 0),
(412, 'MODULE_CENTER_GAMBIOOVISTO_INSTALLED', '0', 0, 0),
(416, 'MODULE_CENTER_ERRORREPORTING_INSTALLED', '1', 0, 0),
(417, 'ADMIN_FEED_ACCEPTED_SHOP_INFORMATION_DATA_PROCESSING', 'true', 0, 0),
(428, 'MODULE_CENTER_PRODUCTATTRIBUTES_INSTALLED', '1', 0, 0),
(446, 'CURRENT_SHOP_VERSION', '0', 0, 0),
(449, 'INSTALLED_VERSION', '4.0_develop', 0, 0),
(452, 'UPDATE_ARRAY', 'a:0:{}', 0, 0);

-- --------------------------------------------------------

--
-- Tabellenstruktur für Tabelle `gm_contents`
--

CREATE TABLE `gm_contents` (
  `gm_contents_id` int UNSIGNED NOT NULL,
  `languages_id` int UNSIGNED NOT NULL DEFAULT '0',
  `gm_key` varchar(255) NOT NULL DEFAULT '',
  `gm_value` text NOT NULL,
  `gm_group_id` int NOT NULL DEFAULT '0',
  `gm_sort_order` int NOT NULL DEFAULT '0'
) ENGINE=InnoDB DEFAULT CHARSET=utf8;

--
-- Daten für Tabelle `gm_contents`
--

INSERT INTO `gm_contents` (`gm_contents_id`, `languages_id`, `gm_key`, `gm_value`, `gm_group_id`, `gm_sort_order`) VALUES
(1, 1, 'EMAIL_BILLING_SUBJECT_ORDER', 'Your order {$nr}, {$date}', 0, 0),
(2, 2, 'EMAIL_BILLING_SUBJECT_ORDER', 'Ihre Bestellung {$nr}, am {$date}', 0, 0),
(3, 1, 'GM_PDF_COMPANY_ADRESS_LEFT', '', 0, 0),
(4, 2, 'GM_PDF_COMPANY_ADRESS_LEFT', 'Ihr Name, Ihre Strasse 1, 12345 Ihr Ort', 0, 0),
(5, 1, 'GM_PDF_COMPANY_ADRESS_RIGHT', '', 0, 0),
(6, 2, 'GM_PDF_COMPANY_ADRESS_RIGHT', 'Ihr Name \nIhre Strasse 1 \n\n12345 Ihr Ort', 0, 0),
(7, 1, 'GM_PDF_CONDITIONS', '', 0, 0),
(8, 2, 'GM_PDF_CONDITIONS', 'Hier könnten Ihre AGB stehen.', 0, 0),
(9, 1, 'GM_PDF_EMAIL_SUBJECT', 'Your invoice no. {INVOICE_ID} of your order no. {ORDER_ID} from {DATE}', 0, 0),
(10, 2, 'GM_PDF_EMAIL_SUBJECT', 'Ihre Rechnung Nr. {INVOICE_ID} zur Bestellung Nr. {ORDER_ID} vom {DATE}', 0, 0),
(11, 1, 'GM_PDF_INVOICES_EMAIL_SUBJECT', 'Your invoices of your order no. {ORDER_ID} from {DATE}', 0, 0),
(12, 2, 'GM_PDF_INVOICES_EMAIL_SUBJECT', 'Ihre Rechnungen zur Bestellung Nr. {ORDER_ID} vom {DATE}', 0, 0),
(13, 1, 'GM_PDF_SALUTATION_MALE', 'Mr.', 0, 0),
(14, 2, 'GM_PDF_SALUTATION_MALE', 'geehrter Herr', 0, 0),
(15, 1, 'GM_PDF_SALUTATION_FEMALE', 'Mrs.', 0, 0),
(16, 2, 'GM_PDF_SALUTATION_FEMALE', 'geehrte Frau', 0, 0),
(17, 1, 'GM_PDF_FOOTER_CELL_1', '', 0, 0),
(18, 2, 'GM_PDF_FOOTER_CELL_1', 'Ihr Name \nIhre Strasse 1 \n\n12345 Ihr Ort', 0, 0),
(19, 1, 'GM_PDF_FOOTER_CELL_2', '', 0, 0),
(20, 2, 'GM_PDF_FOOTER_CELL_2', 'Ihre Telefonnummer\nIhre Faxnummer\nIhre Homepage\nIhre E-Mail', 0, 0),
(21, 1, 'GM_PDF_FOOTER_CELL_3', '', 0, 0),
(22, 2, 'GM_PDF_FOOTER_CELL_3', 'Ihre Steuernummer\nIhre Ust. ID. Nr.\nIhre Gerichtsbarkeit\nIhre Informationen', 0, 0),
(23, 1, 'GM_PDF_FOOTER_CELL_4', '', 0, 0),
(24, 2, 'GM_PDF_FOOTER_CELL_4', 'Zusätzliche\nInformationen\nin der vierten\nSpalte\n', 0, 0),
(25, 1, 'GM_PDF_HEADING_CONDITIONS', '', 0, 0),
(26, 2, 'GM_PDF_HEADING_CONDITIONS', 'Unsere AGB', 0, 0),
(27, 1, 'GM_PDF_HEADING_INFO_TEXT_INVOICE', '', 0, 0),
(28, 2, 'GM_PDF_HEADING_INFO_TEXT_INVOICE', 'Rechnungshinweis', 0, 0),
(29, 1, 'GM_PDF_HEADING_INFO_TEXT_PACKINGSLIP', '', 0, 0),
(30, 2, 'GM_PDF_HEADING_INFO_TEXT_PACKINGSLIP', 'Lieferhinweis', 0, 0),
(31, 1, 'GM_PDF_HEADING_INVOICE', '', 0, 0),
(32, 2, 'GM_PDF_HEADING_INVOICE', 'Ihre Rechnung', 0, 0),
(33, 1, 'GM_PDF_HEADING_CANCELLATION_INVOICE', 'Your cancellation invoice to invoice number {INVOICE_ID} on {DATE}', 0, 0),
(34, 2, 'GM_PDF_HEADING_CANCELLATION_INVOICE', 'Ihre Stornorechnung zur Rechnungsnummer {INVOICE_ID} vom {DATE}', 0, 0),
(35, 1, 'GM_PDF_HEADING_PACKINGSLIP', '', 0, 0),
(36, 2, 'GM_PDF_HEADING_PACKINGSLIP', 'Ihr Lieferschein', 0, 0),
(37, 1, 'GM_PDF_HEADING_WITHDRAWAL', '', 0, 0),
(38, 2, 'GM_PDF_HEADING_WITHDRAWAL', 'Unser Widerrufsrecht', 0, 0),
(39, 1, 'GM_PDF_INFO_TEXT_INVOICE', '', 0, 0),
(40, 2, 'GM_PDF_INFO_TEXT_INVOICE', 'Ihr Hinweistext für die Rechnung', 0, 0),
(41, 1, 'GM_PDF_INFO_TEXT_PACKINGSLIP', '', 0, 0),
(42, 2, 'GM_PDF_INFO_TEXT_PACKINGSLIP', 'Ihr Hinweistext für den Lieferschein', 0, 0),
(43, 1, 'GM_PDF_INFO_TITLE_INVOICE', '', 0, 0),
(44, 2, 'GM_PDF_INFO_TITLE_INVOICE', 'Beachten Sie bitte', 0, 0),
(45, 1, 'GM_PDF_INFO_TITLE_PACKINGSLIP', '', 0, 0),
(46, 2, 'GM_PDF_INFO_TITLE_PACKINGSLIP', 'Beachten Sie bitte', 0, 0),
(47, 1, 'GM_PDF_WITHDRAWAL', '', 0, 0),
(48, 2, 'GM_PDF_WITHDRAWAL', 'Hier könnte Ihr Widerrufsrecht stehen.', 0, 0),
(49, 1, 'GM_TITLE_STANDARD_META_TITLE', '', 0, 0),
(50, 2, 'GM_TITLE_STANDARD_META_TITLE', '', 0, 0),
(51, 1, 'GM_TITLE_STANDARD_META_TITLE_SEPARATOR', ' - ', 0, 0),
(52, 2, 'GM_TITLE_STANDARD_META_TITLE_SEPARATOR', ' - ', 0, 0),
(53, 1, 'keywords', '', 1, 0),
(54, 2, 'keywords', 'keywords,kommagetrennt', 1, 0),
(55, 1, 'robots', 'index,follow', 1, 0),
(56, 2, 'robots', 'index,follow', 1, 0),
(57, 2, 'GM_FOOTER', '<a href=\"https://www.gambio.de\" rel=\"noopener\" target=\"_blank\">Internetshop</a> by Gambio.de &copy; 2020', 0, 0),
(58, 1, 'GM_FOOTER', '<a href=\"https://www.gambio.com\" rel=\"noopener\" target=\"_blank\">Shopping Cart Software</a> by Gambio.com &copy; 2020', 0, 0);

--
-- Indizes der exportierten Tabellen
--

--
-- Indizes für die Tabelle `configuration`
--
ALTER TABLE `configuration`
  ADD PRIMARY KEY (`configuration_id`),
  ADD UNIQUE KEY `configuration_key` (`configuration_key`),
  ADD KEY `idx_configuration_group_id` (`configuration_group_id`);

--
-- Indizes für die Tabelle `configuration_storage`
--
ALTER TABLE `configuration_storage`
  ADD PRIMARY KEY (`key`);

--
-- Indizes für die Tabelle `gm_configuration`
--
ALTER TABLE `gm_configuration`
  ADD PRIMARY KEY (`gm_configuration_id`),
  ADD UNIQUE KEY `gm_key` (`gm_key`);

--
-- Indizes für die Tabelle `gm_contents`
--
ALTER TABLE `gm_contents`
  ADD PRIMARY KEY (`gm_contents_id`),
  ADD UNIQUE KEY `gm_content` (`languages_id`,`gm_key`);

--
-- AUTO_INCREMENT für exportierte Tabellen
--

--
-- AUTO_INCREMENT für Tabelle `configuration`
--
ALTER TABLE `configuration`
  MODIFY `configuration_id` int NOT NULL AUTO_INCREMENT, AUTO_INCREMENT=460;

--
-- AUTO_INCREMENT für Tabelle `gm_configuration`
--
ALTER TABLE `gm_configuration`
  MODIFY `gm_configuration_id` int NOT NULL AUTO_INCREMENT, AUTO_INCREMENT=453;

--
-- AUTO_INCREMENT für Tabelle `gm_contents`
--
ALTER TABLE `gm_contents`
  MODIFY `gm_contents_id` int UNSIGNED NOT NULL AUTO_INCREMENT, AUTO_INCREMENT=59;
COMMIT;

